{"uid":"AMANR5L15PO717460B3522P0D1N000158","chronotag":"1605053936607","legislature":"15","identification":{"numeroLong":"158","numeroOrdreDepot":"158","prefixeOrganeExamen":"AN","numeroRect":"0"},"examenRef":"EXANR5L15PO717460B3522P0D1","texteLegislatifRef":"PRJLANR5L15B3522","triAmendement":"ecaaaaaaaaaaaaaaaaaaaaaaaaaaaaaaaaaaaaaaaaaaaaaaaawr","cardinaliteAmdtMultiples":"1","amendementParentRef":{},"signataires":{"auteur":{"typeAuteur":"D\u00e9put\u00e9","gouvernementRef":{},"acteurRef":"PA719608","groupePolitiqueRef":"PO723569","auteurRapporteurOrganeRef":{}},"cosignataires":{},"suffixe":{},"libelle":" Mme\u0026#160;M\u0026#233;nard"},"pointeurFragmentTexte":{"partieAmendableRef":{},"division":{"titre":"\u00c9TAT B","articleDesignationCourte":"ART. 5","articleDesignation":"ARTICLE 5","type":"ANNEXE","avant_A_Apres":"A","divisionRattachee":"ARTICLE 5","articleAdditionnel":"false","chapitreAdditionnel":"false","urlDivisionTexteVise":"\/15\/textes\/3522.asp#D_ETAT_B"},"missionVisee":{"codeEtat":"B","codeMissionMinefi":"UE","libelleMission":"Plan d\u2019urgence face \u00e0 la crise sanitaire","missionRef":"1374"}},"corps":{"cartoucheInformatif":{},"contenuAuteur":{"dispositifAmdtCreditPLFR":{"listeProgrammes":{"programme":[{"libelle":"Prise en charge du dispositif exceptionnel de ch\u00f4mage partiel \u00e0 la suite de la crise sanitaire","programmeRef":"156014","autorisationEngagementSupplementaire":"0","creditPaiementSupplementaire":"0","autorisationEngagementAnnule":"0","creditPaiementAnnule":"0","action":"modification","lignesCredits":{}},{"libelle":"Fonds de solidarit\u00e9 pour les entreprises \u00e0 la suite de la crise sanitaire","programmeRef":"156015","autorisationEngagementSupplementaire":"1000","creditPaiementSupplementaire":"1000","autorisationEngagementAnnule":"0","creditPaiementAnnule":"0","action":"modification","lignesCredits":{}},{"libelle":"Renforcement exceptionnel des participations financi\u00e8res de l\u0027\u00c9tat dans le cadre de la crise sanitaire","programmeRef":"156016","autorisationEngagementSupplementaire":"0","creditPaiementSupplementaire":"0","autorisationEngagementAnnule":"0","creditPaiementAnnule":"0","action":"modification","lignesCredits":{}},{"libelle":"Compensation \u00e0 la s\u00e9curit\u00e9 sociale des all\u00e8gements de pr\u00e9l\u00e8vements pour les entreprises les plus touch\u00e9es par la crise sanitaire","programmeRef":"156017","autorisationEngagementSupplementaire":"-1000","creditPaiementSupplementaire":"-1000","autorisationEngagementAnnule":"0","creditPaiementAnnule":"0","action":"modification","lignesCredits":{}}]},"totalAE":{"supplementaire":"0","annule":"0","solde":"0"},"totalCP":{"supplementaire":"0","annule":"0","solde":"0"},"cpEgalAe":"true"},"avantAppel":{},"exposeSommaire":"\u003Cp\u003ETransf\u0026#233;rer 1 000 euros de l\u0027action 01 \u0026#8211; Soutenir les entreprises dans leur reprise d\u0027activit\u0026#233; du programme\u0026#160;360 \u0026#8211; Compensation \u0026#224; la s\u0026#233;curit\u0026#233; sociale des all\u0026#232;gements de pr\u0026#233;l\u0026#232;vements pour les entreprises les plus touch\u0026#233;es par la crise sanitaire vers l\u0027action 01 \u0026#8211; Soutenir les entreprises \u0026#233;ligibles au fonds de solidarit\u0026#233; du programme\u0026#160;357 \u0026#8211; Fonds de solidarit\u0026#233; pour les entreprises \u0026#224; la suite de la crise sanitaire.\u003C\/p\u003E\u003Cp\u003EL\u0027Occitanie est tout simplement la premi\u0026#232;re r\u0026#233;gion de France en termes de production de vin. Pour l\u0027exportation, la r\u0026#233;gion est aussi le leader national puisque 41 % des ventes \u0026#224; l\u0027\u0026#233;tranger sont assur\u0026#233;es\u0026#160;par l\u0027Occitanie. L\u0027H\u0026#233;rault et l\u0027Aude repr\u0026#233;sentent, \u0026#224; eux deux, plus de la moiti\u0026#233; de la surface viticole de l\u0027Occitanie. Plus encore, dans l\u0026#8217;H\u0026#233;rault, deux exploitants sur trois sont viticulteurs.\u003C\/p\u003E\u003Cp\u003EOr, la fili\u0026#232;re viticole a \u0026#233;t\u0026#233; particuli\u0026#232;rement touch\u0026#233;e par la crise sanitaire. Elle enregistre une perte d\u0026#8217;au moins 1,5 milliards de chiffres d\u0026#8217;affaires.\u0026#160;\u003C\/p\u003E\u003Cp\u003EMalgr\u0026#233; ce manque \u0026#224; gagner, les entreprises vitivinicoles ont continu\u0026#233; \u0026#224; r\u0026#233;mun\u0026#233;rer leurs salari\u0026#233;s pendant le confinement pour l\u0026#8217;entretien de la vigne. Elles n\u0026#8217;ont, dans l\u0026#8217;ensemble, pas eu recours au ch\u0026#244;mage partiel.\u0026#160;\u003C\/p\u003E\u003Cp\u003ESi le secteur d\u0026#8217;h\u0026#244;tellerie restauration a pu rouvrir avant l\u0026#8217;\u0026#233;t\u0026#233;, permettant aux viticulteurs de vendre une partie de leurs stocks, les exportations n\u0026#8217;ont pas repris aussi vite. Et il faut rappeler que les vins fran\u0026#231;ais sont tax\u0026#233;s \u0026#224; 25 % depuis octobre 2019 par les \u0026#201;tats-Unis alors qu\u0026#8217;il s\u0026#8217;agit de leur premier march\u0026#233; \u0026#224; l\u0026#8217;export. Les exportations de vins fran\u0026#231;ais se sont effondr\u0026#233;es de 44 % en novembre 2019 aux \u0026#201;tats-Unis par rapport \u0026#224; octobre de la m\u0026#234;me ann\u0026#233;e, selon le minist\u0026#232;re de l\u0027\u0026#201;conomie et des Finances.\u003C\/p\u003E\u003Cp\u003EIl convient de soutenir la fili\u0026#232;re viticole.\u003C\/p\u003E","annexeExposeSommaire":{}}},"cycleDeVie":{"dateDepot":"2020-11-06","datePublication":"2020-11-09","soumisArticle40":"true","etatDesTraitements":{"etat":{"code":"DI","libelle":"Discut\u00e9"},"sousEtat":{"code":"DI","libelle":"Rejet\u00e9"}},"dateSort":"2020-11-11T01:18:44+01:00","sort":"Rejet\u00e9"},"representations":{"representation":{"nom":"PDF","typeMime":{"type":"application","subType":"PDF"},"statutRepresentation":{"verbatim":"true","canonique":"true","officielle":"true","transcription":"false","enregistrement":"false"},"repSource":{},"offset":{},"contenu":{"documentURI":"\/base\/AMANR5L15PO717460B3522P0D1N000158?format=pdf"},"dateDispoRepresentation":{}}},"seanceDiscussionRef":"RUANR5L15S2021IDS23307","article99":"false","loiReference":{},"discussionCommune":{},"discussionIdentique":{},"accordGouvernementDepotHorsDelai":"Sans objet"}

Député

ÉTAT B

Plan d’urgence face à la crise sanitaire

Prise en charge du dispositif exceptionnel de chômage partiel à la suite de la crise sanitaire

Fonds de solidarité pour les entreprises à la suite de la crise sanitaire

Renforcement exceptionnel des participations financières de l'État dans le cadre de la crise sanitaire

Compensation à la sécurité sociale des allègements de prélèvements pour les entreprises les plus touchées par la crise sanitaire

Discuté

Rejeté
