{"uid":"AMANR5L16PO59048B1680P2D1N000674","chronotag":"1698256926587","legislature":"16","identification":{"numeroLong":"II-CF674","numeroOrdreDepot":"674","prefixeOrganeExamen":"CION_FIN","numeroRect":"0"},"examenRef":"EXANR5L16PO59048B1680P2D1","texteLegislatifRef":"PRJLANR5L16B1680","triAmendement":"dcaaaaaaaaaaaaaaaaaaaaaaaaaaaaaaaaaaaaaaaaaaaaaaaaai","cardinaliteAmdtMultiples":"1","amendementParentRef":{},"signataires":{"auteur":{"typeAuteur":"D\u00e9put\u00e9","gouvernementRef":{},"acteurRef":"PA794030","groupePolitiqueRef":"PO800520","auteurRapporteurOrganeRef":{}},"cosignataires":{},"suffixe":{},"libelle":" M.\u0026#160;Jolly"},"pointeurFragmentTexte":{"partieAmendableRef":{},"division":{"titre":"\u00c9TAT B","articleDesignationCourte":"ART. 35","articleDesignation":"ARTICLE 35","type":"ANNEXE","avant_A_Apres":"A","divisionRattachee":"ARTICLE 35","articleAdditionnel":"false","chapitreAdditionnel":"false","urlDivisionTexteVise":"\/16\/textes\/1680C.asp#D_ETAT_B"},"missionVisee":{"codeEtat":"B","codeMissionMinefi":"SA","libelleMission":"Sant\u00e9","missionRef":"2677"}},"corps":{"cartoucheInformatif":{},"contenuAuteur":{"dispositifAmdtCreditPLF":{"listeProgrammes":{"programme":[{"libelle":"Pr\u00e9vention, s\u00e9curit\u00e9 sanitaire et offre de soins","programmeRef":"288445","autorisationEngagement":"50000000","creditPaiement":"50000000","action":"modification","lignesCredits":{}},{"libelle":"Protection maladie","programmeRef":"288446","autorisationEngagement":"-50000000","creditPaiement":"-50000000","action":"modification","lignesCredits":{}},{"libelle":"Compensation \u00e0 la S\u00e9curit\u00e9 sociale du co\u00fbt des dons de vaccins \u00e0 des pays tiers et reversement des recettes de la Facilit\u00e9 pour la Relance et la R\u00e9silience (FRR) europ\u00e9enne au titre du volet \u00ab S\u00e9gur investissement \u00bb du plan national de relance et de r\u00e9silience (PNRR)","programmeRef":"288447","autorisationEngagement":"0","creditPaiement":"0","action":"modification","lignesCredits":{}}]},"soldeAE":"0","soldeCP":"0","cpEgalAe":"true"},"avantAppel":{},"exposeSommaire":"\u003Cp style=\u0022text-align: justify;\u0022\u003ELe manque de places dans les IME limite l\u0027acc\u0026#x00E8;s aux services et aux soins pour de nombreux enfants et adolescents en situation de handicap.\u003C\/p\u003E\u003Cp\u003ECes derni\u0026#x00E8;res ann\u0026#x00E9;es, le nombre de jeunes en attente de places dans les IME en France a consid\u0026#x00E9;rablement augment\u0026#x00E9;. D\u0027apr\u0026#x00E8;s les chiffres du Gouvernement et les \u0026#x00E9;tudes de la direction de la recherche des \u0026#x00E9;tudes de l\u0027\u0026#x00E9;valuation et des statistiques (Drees), en 2021, on recensait pr\u0026#x00E8;s de 10 000 enfants en liste d\u0027attente, soit une hausse de 20 % par rapport \u0026#x00E0; l\u0027ann\u0026#x00E9;e pr\u0026#x00E9;c\u0026#x00E9;dente. Ces chiffres alarmants soulignent l\u0027ampleur du probl\u0026#x00E8;me et la n\u0026#x00E9;cessit\u0026#x00E9; d\u0027agir rapidement.\u003C\/p\u003E\u003Cp\u003ELe pr\u0026#x00E9;sent amendement a pour vocation de permettre la construction d\u0027\u0026#x00E9;tablissements suppl\u0026#x00E9;mentaires et la construction de nouvelles places d\u0027accueil pour les jeunes et les familles concern\u0026#x00E9;s.\u003C\/p\u003E\u003Cp\u003ELe pr\u0026#x00E9;sent amendement pr\u0026#x00E9;voit d\u0027abonder les cr\u0026#x00E9;dits, en autorisations d\u0027engagement et en cr\u0026#x00E9;dits de paiement, d\u0027un montant de 50.000.000 euros pour l\u0027action n\u0026#x00B0;11 du programme Pr\u0026#x00E9;vention, s\u0026#x00E9;curit\u0026#x00E9; sanitaire et offre de soins et, pour les besoins de la recevabilit\u0026#x00E9; financi\u0026#x00E8;re, de minorer du m\u0026#x00EA;me montant les cr\u0026#x00E9;dits, en autorisations d\u0027engagement et en cr\u0026#x00E9;dits de paiement, pour l\u0027action n\u0026#x00B0;2 du programme Protection maladie. En cas d\u0027adoption de l\u0027amendement, il est demand\u0026#x00E9; au Gouvernement de lever cette derni\u0026#x00E8;re compensation.\u003C\/p\u003E","annexeExposeSommaire":{}}},"cycleDeVie":{"dateDepot":"2023-10-19","datePublication":"2023-10-25","soumisArticle40":"false","etatDesTraitements":{"etat":{"code":"RT","libelle":"Retir\u00e9"},"sousEtat":{"code":"RT","libelle":"Retir\u00e9 apr\u00e8s publication"}},"dateSort":{},"sort":{}},"representations":{"representation":{"nom":"PDF","typeMime":{"type":"application","subType":"PDF"},"statutRepresentation":{"verbatim":"true","canonique":"true","officielle":"true","transcription":"false","enregistrement":"false"},"repSource":{},"offset":{},"contenu":{"documentURI":"\/base\/AMANR5L16PO59048B1680P2D1N000674?format=pdf"},"dateDispoRepresentation":{}}},"seanceDiscussionRef":{},"article99":"false","loiReference":{"codeLoi":"1","divisionCodeLoi":"11"},"discussionCommune":{},"discussionIdentique":{},"accordGouvernementDepotHorsDelai":"Sans objet"}

Député

ÉTAT B

Santé

Prévention, sécurité sanitaire et offre de soins

Compensation à la Sécurité sociale du coût des dons de vaccins à des pays tiers et reversement des recettes de la Facilité pour la Relance et la Résilience (FRR) européenne au titre du volet « Ségur investissement » du plan national de relance et de résilience (PNRR)

Retiré

Retiré après publication
