{"uid":"AMANR5L16PO59048B1680P2D1N000853","chronotag":"1698354205423","legislature":"16","identification":{"numeroLong":"II-CF853","numeroOrdreDepot":"853","prefixeOrganeExamen":"CION_FIN","numeroRect":"0"},"examenRef":"EXANR5L16PO59048B1680P2D1","texteLegislatifRef":"PRJLANR5L16B1680","triAmendement":"bloaaaaaaaaaaaaaaaaaaaaaaaaaaaaaaaaaaaaaaaaaaaaaaadd","cardinaliteAmdtMultiples":"1","amendementParentRef":{},"signataires":{"auteur":{"typeAuteur":"D\u00e9put\u00e9","gouvernementRef":{},"acteurRef":"PA608695","groupePolitiqueRef":"PO830170","auteurRapporteurOrganeRef":{}},"cosignataires":{"acteurRef":["PA340343","PA335054","PA794494","PA608172","PA793624","PA794094","PA643143","PA642764","PA342415","PA795762","PA1008","PA793394","PA795430","PA794854","PA609332","PA333285","PA1567","PA795828","PA643192","PA795156","PA774958","PA643157","PA344201","PA794270","PA607553","PA609590","PA342196","PA774960","PA793816","PA719930"]},"suffixe":{},"libelle":" Mme\u0026#160;Untermaier,  M.\u0026#160;Saulignac, Mme\u0026#160;Karamanli, M.\u0026#160;Vicot, Mme\u0026#160;Pires\u0026#160;Beaune, M.\u0026#160;Philippe\u0026#160;Brun, M.\u0026#160;Micka\u0026#235;l\u0026#160;Bouloux, M.\u0026#160;Baptiste, M.\u0026#160;Aviragnet, Mme\u0026#160;Battistel, M.\u0026#160;Califer, M.\u0026#160;David, M.\u0026#160;Delaporte, M.\u0026#160;Delautrette, M.\u0026#160;Echaniz, M.\u0026#160;Olivier\u0026#160;Faure, M.\u0026#160;Garot, M.\u0026#160;Guedj, M.\u0026#160;Hajjar, Mme\u0026#160;Jourdan, Mme\u0026#160;Keloua\u0026#160;Hachi, M.\u0026#160;Leseul, M.\u0026#160;Naillet, M.\u0026#160;Bertrand\u0026#160;Petit, Mme\u0026#160;Pic, M.\u0026#160;Potier, Mme\u0026#160;Rabault, Mme\u0026#160;Rouaux, Mme\u0026#160;Santiago, Mme\u0026#160;Thomin et M.\u0026#160;Vallaud"},"pointeurFragmentTexte":{"partieAmendableRef":{},"division":{"titre":"\u00c9TAT B","articleDesignationCourte":"ART. 35","articleDesignation":"ARTICLE 35","type":"ANNEXE","avant_A_Apres":"A","divisionRattachee":"ARTICLE 35","articleAdditionnel":"false","chapitreAdditionnel":"false","urlDivisionTexteVise":"\/16\/textes\/1680C.asp#D_ETAT_B"},"missionVisee":{"codeEtat":"B","codeMissionMinefi":"JA","libelleMission":"Justice","missionRef":"2668"}},"corps":{"cartoucheInformatif":{},"contenuAuteur":{"dispositifAmdtCreditPLF":{"listeProgrammes":{"programme":[{"libelle":"Justice judiciaire","programmeRef":"291456","autorisationEngagement":"0","creditPaiement":"0","action":"modification","lignesCredits":{}},{"libelle":"Administration p\u00e9nitentiaire","programmeRef":"291457","autorisationEngagement":"0","creditPaiement":"0","action":"modification","lignesCredits":{}},{"libelle":"Protection judiciaire de la jeunesse","programmeRef":"291458","autorisationEngagement":"0","creditPaiement":"0","action":"modification","lignesCredits":{}},{"libelle":"Acc\u00e8s au droit et \u00e0 la justice","programmeRef":"291459","autorisationEngagement":"107000000","creditPaiement":"107000000","action":"modification","lignesCredits":{}},{"libelle":"Conduite et pilotage de la politique de la justice","programmeRef":"291460","autorisationEngagement":"-107000000","creditPaiement":"-107000000","action":"modification","lignesCredits":{}},{"libelle":"Conseil sup\u00e9rieur de la magistrature","programmeRef":"291461","autorisationEngagement":"0","creditPaiement":"0","action":"modification","lignesCredits":{}}]},"soldeAE":"0","soldeCP":"0","cpEgalAe":"true"},"avantAppel":{},"exposeSommaire":"\u003Cp style=\u0022text-align: justify;\u0022\u003ECet amendement, propos\u0026#x00E9; par le Conseil national des Barreaux (CNB) vise \u0026#x00E0; permettre \u0026#x00E0; chaque enfant faisant l\u0026#x2019;objet d\u0026#x2019;une mesure d\u0026#x2019;assistance \u0026#x00E9;ducative de pouvoir b\u0026#x00E9;n\u0026#x00E9;ficier d\u0026#x2019;un avocat r\u0026#x00E9;mun\u0026#x00E9;r\u0026#x00E9; au titre de l\u0026#x2019;AJ.\u003C\/p\u003E\u003Cp\u003ESi en mati\u0026#x00E8;re p\u0026#x00E9;nale, la pr\u0026#x00E9;sence syst\u0026#x00E9;matique de l\u0026#x2019;avocat tout au long de la proc\u0026#x00E9;dure est pr\u0026#x00E9;vue aupr\u0026#x00E8;s de l\u0026#x2019;enfant, cela n\u0026#x2019;est pas le cas pour l\u0026#x2019;enfant en mati\u0026#x00E8;re d\u0026#x2019;assistance \u0026#x00E9;ducative.\u003C\/p\u003E\u003Cp\u003EOr, les auteurs de cet amendement estiment que chaque enfant doit pouvoir, d\u0027une part, \u0026#x00EA;tre soutenu dans l\u0027expression de sa parole et de ses besoins fondamentaux et, d\u0027autre part, \u0026#x00EA;tre accompagn\u0026#x00E9; en justice par un avocat sp\u0026#x00E9;cialement form\u0026#x00E9;.\u003C\/p\u003E\u003Cp\u003EFace au traitement in\u0026#x00E9;gal de chaque enfant devant la justice, cet amendement pr\u0026#x00E9;voit donc le financement de la syst\u0026#x00E9;matisation de l\u0026#x2019;avocat d\u0026#x2019;enfant en assistance \u0026#x00E9;ducative, qui permettra notamment de de garantir l\u0026#x2019;exercice effectif de droits proc\u0026#x00E9;duraux et d\u0026#x2019;assurer l\u0026#x2019;assistance et la repr\u0026#x00E9;sentation de l\u0026#x2019;enfant devant un juge et le respect de sa parole.\u003C\/p\u003E\u003Cp\u003EAussi cet amendement vise t-il \u0026#x00E0; renforcer, \u0026#x00E0; hauteur de 107 millions d\u0027euros, les moyens d\u0026#x00E9;di\u0026#x00E9;s au programme\u0026nbsp;101 \u0026#x2013; Acc\u0026#x00E8;s au droit et \u0026#x00E0; la justice et particuli\u0026#x00E8;rement son action 01 \u0026#x2013; aide juridictionnelle.\u003C\/p\u003E\u003Cp\u003ECompte tenu des r\u0026#x00E8;gles contraignantes de l\u0027article 40 de la Constitution, la m\u0026#x00EA;me somme sera pr\u0026#x00E9;lev\u0026#x00E9;e sur le programme 310 \u0026#x2013; Conduite et pilotage de la politique de la justice et son action 09 \u0026#x2013; Action informatique minist\u0026#x00E9;rielle.\u0026nbsp;\u003C\/p\u003E","annexeExposeSommaire":{}}},"cycleDeVie":{"dateDepot":"2023-10-19","datePublication":"2023-10-26","soumisArticle40":"false","etatDesTraitements":{"etat":{"code":"DI","libelle":"Discut\u00e9"},"sousEtat":{"code":"DI","libelle":"Rejet\u00e9"}},"dateSort":"2023-10-26T23:01:42+02:00","sort":"Rejet\u00e9"},"representations":{"representation":{"nom":"PDF","typeMime":{"type":"application","subType":"PDF"},"statutRepresentation":{"verbatim":"true","canonique":"true","officielle":"true","transcription":"false","enregistrement":"false"},"repSource":{},"offset":{},"contenu":{"documentURI":"\/base\/AMANR5L16PO59048B1680P2D1N000853?format=pdf"},"dateDispoRepresentation":{}}},"seanceDiscussionRef":{},"article99":"false","loiReference":{"codeLoi":"4","divisionCodeLoi":"1"},"discussionCommune":{"idDiscussion":"23253","typePosition":"Premier"},"discussionIdentique":{},"accordGouvernementDepotHorsDelai":"Sans objet"}

Député

ÉTAT B

Administration pénitentiaire

Accès au droit et à la justice

Conseil supérieur de la magistrature

Discuté

Rejeté
