{"uid":"AMANR5L16PO59048B1680P2D1N000875","chronotag":"1698190236682","legislature":"16","identification":{"numeroLong":"II-CF875","numeroOrdreDepot":"875","prefixeOrganeExamen":"CION_FIN","numeroRect":"0"},"examenRef":"EXANR5L16PO59048B1680P2D1","texteLegislatifRef":"PRJLANR5L16B1680","triAmendement":"bdsaaaaaaaaaaaaaaaaaaaaaaaaaaaaaaaaaaaaaaaaaaaaaaaabrzzzzzo","cardinaliteAmdtMultiples":"1","amendementParentRef":{},"signataires":{"auteur":{"typeAuteur":"Rapporteur","gouvernementRef":{},"acteurRef":"PA643143","groupePolitiqueRef":"PO830170","auteurRapporteurOrganeRef":{}},"cosignataires":{"acteurRef":["PA795762","PA795828","PA643157","PA608172","PA794094","PA793624"]},"suffixe":"et les membres du groupe Socialistes et apparent\u00e9s","libelle":" M.\u0026#160;Baptiste, rapporteur,  M.\u0026#160;Califer, M.\u0026#160;Hajjar, M.\u0026#160;Naillet, Mme\u0026#160;Pires\u0026#160;Beaune, M.\u0026#160;Micka\u0026#235;l\u0026#160;Bouloux, M.\u0026#160;Philippe\u0026#160;Brun et les membres du groupe Socialistes et apparent\u0026#233;s"},"pointeurFragmentTexte":{"partieAmendableRef":{},"division":{"titre":"\u00c9TAT B","articleDesignationCourte":"ART. 35","articleDesignation":"ARTICLE 35","type":"ANNEXE","avant_A_Apres":"A","divisionRattachee":"ARTICLE 35","articleAdditionnel":"false","chapitreAdditionnel":"false","urlDivisionTexteVise":"\/16\/textes\/1680C.asp#D_ETAT_B"},"missionVisee":{"codeEtat":"B","codeMissionMinefi":"OA","libelleMission":"Outre-mer","missionRef":"2670"}},"corps":{"cartoucheInformatif":{},"contenuAuteur":{"dispositifAmdtCreditPLF":{"listeProgrammes":{"programme":[{"libelle":"Emploi outre-mer","programmeRef":"292105","autorisationEngagement":"-10000000","creditPaiement":"-10000000","action":"modification","lignesCredits":{}},{"libelle":"Conditions de vie outre-mer","programmeRef":"292106","autorisationEngagement":"10000000","creditPaiement":"10000000","action":"modification","lignesCredits":{}}]},"soldeAE":"0","soldeCP":"0","cpEgalAe":"true"},"avantAppel":{},"exposeSommaire":"\u003Cp style=\u0022text-align: justify;\u0022\u003ECet amendement du groupe Socialistes et apparent\u0026#x00E9;s vise \u0026#x00E0; renforcer la subvention exceptionnelle accord\u0026#x00E9;e au Syndicat Mixte de Gestion de l\u0026#x2019;Eau et de l\u0026#x2019;Assainissement de Guadeloupe pour faire face \u0026#x00E0; la crise de l\u0026#x2019;eau en Guadeloupe.\u0026nbsp;\u003C\/p\u003E\u003Cp style=\u0022text-align: justify;\u0022\u003EDans un rapport publi\u0026#x00E9; lundi 17 juillet 2023, la Cour des comptes s\u0026#x2019;int\u0026#x00E9;resse \u0026#x00E0; la gestion de la ressource en eau \u0026#x00E0; l\u0026#x2019;heure du r\u0026#x00E9;chauffement climatique. Si l\u0026#x2019;eau vient \u0026#x00E0; manquer presque partout en France, \u0026#x00AB;\u0026nbsp;la situation est alarmante dans les territoires ultramarins\u0026nbsp;\u0026#x00BB;.\u003C\/p\u003E\u003Cp style=\u0022text-align: justify;\u0022\u003EEn Guadeloupe, le r\u0026#x00E9;seau d\u0026#x2019;eau\u0026nbsp;s\u0026#x2019;\u0026#x00E9;tendait sur 606 km et le volume annuel d\u0026#x2019;eau distribu\u0026#x00E9; en 2020 est de 11,8 Mm3, pour seulement 4,5 Mm3 r\u0026#x00E9;ellement vendu. Le r\u0026#x00E9;seau de distribution extr\u0026#x00EA;mement v\u0026#x00E9;tuste entra\u0026#x00EE;nait des pertes consid\u0026#x00E9;rables d\u0026#x2019;eau trait\u0026#x00E9;e (7,3 Mm3).\u0026nbsp;\u003C\/p\u003E\u003Cp style=\u0022text-align: justify;\u0022\u003ECette situation induit des coupures d\u0026#x2019;eau r\u0026#x00E9;currente pour la population et une mauvaise qualit\u0026#x00E9; de l\u0026#x2019;eau potable.\u0026nbsp;D\u0026#x00E9;but octobre, le passage de la temp\u0026#x00EA;te tropicale Philippe sur l\u0026#x2019;archipel a renforc\u0026#x00E9; les difficult\u0026#x00E9;s, avec des coupures d\u0026#x2019;eau chez 100 000 habitants.\u003C\/p\u003E\u003Cp style=\u0022text-align: justify;\u0022\u003EL\u0026#x2019;enveloppe d\u0026#x00E9;volue au syndicat Mixte pour la gestion de l\u0026#x2019;eau et de l\u0026#x2019;assainissement de Guadeloupe (SMGEAG) dans le but de pallier rapidement les difficult\u0026#x00E9;s rencontr\u0026#x00E9;es en termes de distribution et desserte en eau potable est en baisse de 10 millions d\u0026#x2019;euros dans ce projet de loi de finances.\u0026nbsp;\u003C\/p\u003E\u003Cp style=\u0022text-align: justify;\u0022\u003EAfin d\u0026#x2019;assurer la recevabilit\u0026#x00E9; financi\u0026#x00E8;re de cet amendement il est donc propos\u0026#x00E9; de majorer de 10M\u0026#x20AC;, en autorisations d\u0026#x2019;engagements et en cr\u0026#x00E9;dits de paiement, les cr\u0026#x00E9;dits de l\u0026#x2019;action 06 \u0026#x00AB;\u0026nbsp;Collectivit\u0026#x00E9;s territoriales\u0026nbsp;\u0026#x00BB; du programme n\u0026#x00B0;\u0026nbsp;123 \u0026#x00AB;\u0026nbsp;Conditions de vie outre-mer\u0026nbsp;\u0026#x00BB; et de minorer \u0026#x00E0; due concurrence, ceux de l\u0026#x2019;action 01 \u0026#x00AB;\u0026nbsp;Soutien aux entreprises\u0026nbsp;\u0026#x00BB; du programme n\u0026#x00B0;\u0026nbsp;138\u0026nbsp;\u0026#x00AB;\u0026nbsp;Emploi outre-mer\u0026nbsp;\u0026#x00BB;.\u003C\/p\u003E\u003Cp style=\u0022text-align: justify;\u0022\u003EDans les faits, nous ne souhaitons aucunement r\u0026#x00E9;duire de 10 000 000\u0026nbsp;euros les cr\u0026#x00E9;dits de l\u0026#x2019;action 01 \u0026#x00AB;\u0026nbsp;Soutien aux entreprises\u0026nbsp;\u0026#x00BB; du programme n\u0026#x00B0;\u0026nbsp;138\u0026nbsp;\u0026#x00AB;\u0026nbsp;Emploi outre-mer\u0026nbsp;\u0026#x00BB;. Il reviendra donc au Gouvernement de proc\u0026#x00E9;der \u0026#x00E0; l\u0026#x2019;abondement de cr\u0026#x00E9;dits qui s\u0026#x2019;impose.\u003C\/p\u003E","annexeExposeSommaire":{}}},"cycleDeVie":{"dateDepot":"2023-10-19","datePublication":"2023-10-24","soumisArticle40":"false","etatDesTraitements":{"etat":{"code":"DI","libelle":"Discut\u00e9"},"sousEtat":{"code":"DI","libelle":"Adopt\u00e9"}},"dateSort":"2023-10-25T01:30:27+02:00","sort":"Adopt\u00e9"},"representations":{"representation":{"nom":"PDF","typeMime":{"type":"application","subType":"PDF"},"statutRepresentation":{"verbatim":"true","canonique":"true","officielle":"true","transcription":"false","enregistrement":"false"},"repSource":{},"offset":{},"contenu":{"documentURI":"\/base\/AMANR5L16PO59048B1680P2D1N000875?format=pdf"},"dateDispoRepresentation":{}}},"seanceDiscussionRef":{},"article99":"false","loiReference":{"codeLoi":"2","divisionCodeLoi":{}},"discussionCommune":{},"discussionIdentique":{},"accordGouvernementDepotHorsDelai":"Sans objet"}

et les membres du groupe Socialistes et apparentés

ÉTAT B

Discuté

Adopté
