{"uid":"AMANR5L16PO59048B1680P2D1N001606","chronotag":"1698250356517","legislature":"16","identification":{"numeroLong":"II-CF1606","numeroOrdreDepot":"1606","prefixeOrganeExamen":"CION_FIN","numeroRect":"0"},"examenRef":"EXANR5L16PO59048B1680P2D1","texteLegislatifRef":"PRJLANR5L16B1680","triAmendement":"abiaaaaaaaaaaaaaaaaaaaaaaaaaaaaaaaaaaaaaaaaaaaaaaaaaw","cardinaliteAmdtMultiples":"1","amendementParentRef":{},"signataires":{"auteur":{"typeAuteur":"D\u00e9put\u00e9","gouvernementRef":{},"acteurRef":"PA794082","groupePolitiqueRef":"PO800490","auteurRapporteurOrganeRef":{}},"cosignataires":{"acteurRef":["PA795228","PA793262","PA794906","PA794138","PA795588","PA795084","PA588884","PA720430","PA793772","PA795616","PA793444","PA794938","PA795318","PA796090","PA793912","PA795580","PA791812","PA793736","PA721202","PA721210","PA795136","PA793680","PA793452","PA793464","PA795200","PA795844","PA794458","PA794786","PA794870","PA720286","PA796070","PA796132","PA795310","PA794478","PA795438","PA794130","PA720846","PA795516","PA795672","PA795108","PA794402","PA795298","PA791824","PA793532","PA795746","PA793688","PA342384","PA795692","PA794066","PA795422","PA794686","PA795482","PA610654","PA721960","PA793872","PA720892","PA817211","PA793756","PA796062","PA719578","PA720422","PA721062","PA793884","PA722142","PA795982","PA793724","PA796018","PA795466","PA793744","PA794106","PA794166","PA795164","PA795596","PA793110"]},"suffixe":{},"libelle":" Mme\u0026#160;Hignet,  Mme\u0026#160;Abomangoli, M.\u0026#160;Alexandre, M.\u0026#160;Amard, Mme\u0026#160;Amiot, Mme\u0026#160;Amrani, M.\u0026#160;Arenas, Mme\u0026#160;Autain, M.\u0026#160;Bernalicis, M.\u0026#160;Bex, M.\u0026#160;Bilongo, M.\u0026#160;Bompard, M.\u0026#160;Boumertit, M.\u0026#160;Boyard, M.\u0026#160;Caron, M.\u0026#160;Carri\u0026#232;re, M.\u0026#160;Chauche, Mme\u0026#160;Chikirou, M.\u0026#160;Clouet, M.\u0026#160;Coquerel, M.\u0026#160;Corbi\u0026#232;re, M.\u0026#160;Coulomme, Mme\u0026#160;Couturier, M.\u0026#160;Davi, M.\u0026#160;Delogu, Mme\u0026#160;Dufour, Mme\u0026#160;Erodi, Mme\u0026#160;Etienne, M.\u0026#160;Fernandes, Mme\u0026#160;Ferrer, Mme\u0026#160;Fiat, M.\u0026#160;Gaillard, Mme\u0026#160;Garrido, Mme\u0026#160;Guett\u0026#233;, M.\u0026#160;Guiraud, Mme\u0026#160;Keke, M.\u0026#160;Kerbrat, M.\u0026#160;Lachaud, M.\u0026#160;Laisney, M.\u0026#160;Le\u0026#160;Gall, Mme\u0026#160;Leboucher, Mme\u0026#160;Leduc, M.\u0026#160;Legavre, Mme\u0026#160;Legrain, Mme\u0026#160;Lepvraud, M.\u0026#160;L\u0026#233;aument, Mme\u0026#160;Pascale\u0026#160;Martin, Mme\u0026#160;\u0026#201;lisa\u0026#160;Martin, M.\u0026#160;Martinet, M.\u0026#160;Mathieu, M.\u0026#160;Maudet, Mme\u0026#160;Maximi, Mme\u0026#160;Manon\u0026#160;Meunier, M.\u0026#160;Nilor, Mme\u0026#160;Obono, Mme\u0026#160;Oziol, Mme\u0026#160;Panot, M.\u0026#160;Pilato, M.\u0026#160;Piquemal, M.\u0026#160;Portes, M.\u0026#160;Prud\u0026apos;homme, M.\u0026#160;Quatennens, M.\u0026#160;Ratenon, M.\u0026#160;Rome, M.\u0026#160;Ruffin, M.\u0026#160;Saintoul, M.\u0026#160;Sala, Mme\u0026#160;Simonnet, Mme\u0026#160;Soudais, Mme\u0026#160;Stambach-Terrenoir, Mme\u0026#160;Taurinya, M.\u0026#160;Tavel, Mme\u0026#160;Trouv\u0026#233;, M.\u0026#160;Vannier et M.\u0026#160;Walter"},"pointeurFragmentTexte":{"partieAmendableRef":{},"division":{"titre":"\u00c9TAT B","articleDesignationCourte":"ART. 35","articleDesignation":"ARTICLE 35","type":"ANNEXE","avant_A_Apres":"A","divisionRattachee":"ARTICLE 35","articleAdditionnel":"false","chapitreAdditionnel":"false","urlDivisionTexteVise":"\/16\/textes\/1680C.asp#D_ETAT_B"},"missionVisee":{"codeEtat":"B","codeMissionMinefi":"AC","libelleMission":"Agriculture, alimentation, for\u00eat et affaires rurales","missionRef":"2652"}},"corps":{"cartoucheInformatif":{},"contenuAuteur":{"dispositifAmdtCreditPLF":{"listeProgrammes":{"programme":[{"libelle":"Comp\u00e9titivit\u00e9 et durabilit\u00e9 de l\u0027agriculture, de l\u0027agroalimentaire et de la for\u00eat","programmeRef":"301618","autorisationEngagement":"340000000","creditPaiement":"340000000","action":"modification","lignesCredits":{}},{"libelle":"S\u00e9curit\u00e9 et qualit\u00e9 sanitaires de l\u0027alimentation","programmeRef":"301619","autorisationEngagement":"0","creditPaiement":"0","action":"modification","lignesCredits":{}},{"libelle":"Conduite et pilotage des politiques de l\u0027agriculture","programmeRef":"301620","autorisationEngagement":"0","creditPaiement":"0","action":"modification","lignesCredits":{}},{"libelle":"All\u00e8gements du co\u00fbt du travail en agriculture (TODE-AG)","programmeRef":"301621","autorisationEngagement":"-340000000","creditPaiement":"-340000000","action":"modification","lignesCredits":{}},{"libelle":"Soutien aux associations de protection animale et aux refuges","programmeRef":"301622","autorisationEngagement":"0","creditPaiement":"0","action":"modification","lignesCredits":{}}]},"soldeAE":"0","soldeCP":"0","cpEgalAe":"true"},"avantAppel":{},"exposeSommaire":"\u003Cp style=\u0022text-align: justify;\u0022\u003EPar cet amendement, le groupe LFI-NUPES propose de doubler le montant des aides \u0026#x00E0; la conversion en agriculture biologique existantes afin d\u0027acc\u0026#x00E9;l\u0026#x00E9;rer et de soutenir la bifurcation \u0026#x00E9;cologique de l\u0027agriculture fran\u0026#x00E7;aise.\u003C\/p\u003E\u003Cp\u003EL\u0026#x2019;agriculture biologique est le seul mode de production qui garantit, gr\u0026#x00E2;ce \u0026#x00E0; son cahier des charges, qu\u0026#x2019;aucun pesticide ou engrais de synth\u0026#x00E8;se, ni aucun OGM, ou aucune cage en \u0026#x00E9;levage ne soit utilis\u0026#x00E9;. Les am\u0026#x00E9;nit\u0026#x00E9;s positives de l\u0026#x2019;agriculture biologique sont nombreuses : qualit\u0026#x00E9; de l\u0026#x2019;eau, fertilit\u0026#x00E9; des sols permettant une meilleure capacit\u0026#x00E9; \u0026#x00E0; s\u0026#x00E9;questrer le carbone, qualit\u0026#x00E9; de l\u0026#x2019;air, pr\u0026#x00E9;servation de la biodiversit\u0026#x00E9;, emploi en milieu rural (1\/3 des installations se font d\u0026#x00E9;sormais en bio).\u003C\/p\u003E\u003Cp\u003EMalgr\u0026#x00E9; cela, et comme le pr\u0026#x00E9;cise un rapport de la Cour des comptes dat\u0026#x00E9; de 2021, l\u0026#x2019;\u0026#x00C9;tat sous-dote structurellement l\u0026#x2019;agriculture biologique.\u003C\/p\u003E\u003Cp\u003ELes surfaces en bio stagnent ainsi \u0026#x00E0; 10,7 % de la surface agricole totale (pour 60 000 exploitations) alors que le Gouvernement s\u0026#x2019;\u0026#x00E9;tait fix\u0026#x00E9; un objectif de 15% en 2022 et qu\u0026#x2019;il s\u0026#x2019;est fix\u0026#x00E9; un objectif de 18% en 2027.\u003C\/p\u003E\u003Cp\u003EC\u0027est pourquoi nous proposons d\u0027augmenter le budget consacr\u0026#x00E9; \u0026#x00E0; la conversion \u0026#x00E0; l\u0027agriculture biologique de 340 millions d\u0027euros, doublant ainsi le montant actuellement financ\u0026#x00E9; en France par la Politique agricole commune.\u003C\/p\u003E\u003Cp\u003EEn raison des contraintes de recevabilit\u0026#x00E9; financi\u0026#x00E8;re au titre de l\u0027article 40 de la Constitution de la V\u0026#x00E8; R\u0026#x00E9;publique, le pr\u0026#x00E9;sent amendement proc\u0026#x00E8;de au mouvement de cr\u0026#x00E9;dits suivant :\u003Cbr\u003E- Il abonde de 340 millions d\u0026#x2019;euros en autorisations d\u0026#x2019;engagement et en cr\u0026#x00E9;dits de paiement l\u0027action 21 - Adaptation des fili\u0026#x00E8;res \u0026#x00E0; l\u0027\u0026#x00E9;volution des march\u0026#x00E9;s du programme 149 \u0022Comp\u0026#x00E9;titivit\u0026#x00E9; et durabilit\u0026#x00E9; de l\u0027agriculture, de l\u0027agroalimentaire et de la for\u0026#x00EA;t\u0022.\u003Cbr\u003E- Il minore de 340 millions d\u0027euros en autorisations d\u0027engagement et en cr\u0026#x00E9;dits de paiement l\u0026#x2019;action 01 All\u0026#x00E8;gements de cotisations et contributions sociales du programme 381 : All\u0026#x00E8;gements du co\u0026#x00FB;t du travail en agriculture TODE-AG. Si nous d\u0026#x00E9;non\u0026#x00E7;ons la logique et les effets du dispositif TODE-AG que nous souhaitons remettre en cause, nous ne souhaitons pas pour autant grever les comptes de l\u0026#x2019;UNEDIC et de la MSA et nous demandons donc au gouvernement \u0026#x00E0; la fois de lever le gage et de remettre en cause le dispositif TODE-AG.\u003C\/p\u003E","annexeExposeSommaire":{}}},"cycleDeVie":{"dateDepot":"2023-10-20","datePublication":"2023-10-25","soumisArticle40":"false","etatDesTraitements":{"etat":{"code":"DI","libelle":"Discut\u00e9"},"sousEtat":{"code":"DI","libelle":"Rejet\u00e9"}},"dateSort":"2023-10-25T18:12:17+02:00","sort":"Rejet\u00e9"},"representations":{"representation":{"nom":"PDF","typeMime":{"type":"application","subType":"PDF"},"statutRepresentation":{"verbatim":"true","canonique":"true","officielle":"true","transcription":"false","enregistrement":"false"},"repSource":{},"offset":{},"contenu":{"documentURI":"\/base\/AMANR5L16PO59048B1680P2D1N001606?format=pdf"},"dateDispoRepresentation":{}}},"seanceDiscussionRef":{},"article99":"false","loiReference":{"codeLoi":"1","divisionCodeLoi":{}},"discussionCommune":{},"discussionIdentique":{},"accordGouvernementDepotHorsDelai":"Sans objet"}

Député

ÉTAT B

Agriculture, alimentation, forêt et affaires rurales

Compétitivité et durabilité de l'agriculture, de l'agroalimentaire et de la forêt

Sécurité et qualité sanitaires de l'alimentation

Allègements du coût du travail en agriculture (TODE-AG)

Discuté

Rejeté
