{"uid":"AMANR5L16PO59048B1680P2D1N001733","chronotag":"1698257493237","legislature":"16","identification":{"numeroLong":"II-CF1733","numeroOrdreDepot":"1733","prefixeOrganeExamen":"CION_FIN","numeroRect":"0"},"examenRef":"EXANR5L16PO59048B1680P2D1","texteLegislatifRef":"PRJLANR5L16B1680","triAmendement":"abiaaaaaaaaaaaaaaaaaaaaaaaaaaaaaaaaaaaaaaaaaaaaaaaabtzz","cardinaliteAmdtMultiples":"1","amendementParentRef":{},"signataires":{"auteur":{"typeAuteur":"D\u00e9put\u00e9","gouvernementRef":{},"acteurRef":"PA719472","groupePolitiqueRef":"PO800538","auteurRapporteurOrganeRef":{}},"cosignataires":{},"suffixe":{},"libelle":" M.\u0026#160;Jean-Ren\u0026#233;\u0026#160;Cazeneuve"},"pointeurFragmentTexte":{"partieAmendableRef":{},"division":{"titre":"\u00c9TAT B","articleDesignationCourte":"ART. 35","articleDesignation":"ARTICLE 35","type":"ANNEXE","avant_A_Apres":"A","divisionRattachee":"ARTICLE 35","articleAdditionnel":"false","chapitreAdditionnel":"false","urlDivisionTexteVise":"\/16\/textes\/1680C.asp#D_ETAT_B"},"missionVisee":{"codeEtat":"B","codeMissionMinefi":"AC","libelleMission":"Agriculture, alimentation, for\u00eat et affaires rurales","missionRef":"2652"}},"corps":{"cartoucheInformatif":{},"contenuAuteur":{"dispositifAmdtCreditPLF":{"listeProgrammes":{"programme":[{"libelle":"Comp\u00e9titivit\u00e9 et durabilit\u00e9 de l\u0027agriculture, de l\u0027agroalimentaire et de la for\u00eat","programmeRef":"303198","autorisationEngagement":"-55000000","creditPaiement":"-55000000","action":"modification","lignesCredits":{}},{"libelle":"S\u00e9curit\u00e9 et qualit\u00e9 sanitaires de l\u0027alimentation","programmeRef":"303199","autorisationEngagement":"0","creditPaiement":"0","action":"modification","lignesCredits":{}},{"libelle":"Conduite et pilotage des politiques de l\u0027agriculture","programmeRef":"303200","autorisationEngagement":"0","creditPaiement":"0","action":"modification","lignesCredits":{}},{"libelle":"All\u00e8gements du co\u00fbt du travail en agriculture (TODE-AG)","programmeRef":"303201","autorisationEngagement":"0","creditPaiement":"0","action":"modification","lignesCredits":{}},{"libelle":"Soutien aux associations de protection animale et aux refuges","programmeRef":"303202","autorisationEngagement":"0","creditPaiement":"0","action":"modification","lignesCredits":{}},{"libelle":"Performance environnementale des chambres d\u0027agriculture","programmeRef":"303203","autorisationEngagement":"55000000","creditPaiement":"55000000","action":"cr\u00e9ation","lignesCredits":{}}]},"soldeAE":"0","soldeCP":"0","cpEgalAe":"true"},"avantAppel":{},"exposeSommaire":"\u003Cp style=\u0022text-align: justify;\u0022\u003EPar cet amendement, il est propose\u0026#x0301; de cr\u0026#x00E9;er un nouveau programme\u0026nbsp;intitul\u0026#x00E9; \u0022Performance environnementale des chambres d\u0027agriculture\u0022 abond\u0026#x00E9; de\u0026nbsp;55 millions d\u0027euros et de minorer du me\u0026#x0302;me montant l\u0027action n\u0026#x00B0;26 \u0022Gestion durable de la for\u0026#x00EA;t et d\u0026#x00E9;veloppement de la fili\u0026#x00E8;re bois\u0022 du programme 149 \u0022Compe\u0026#x0301;titivite\u0026#x0301; et durabilite\u0026#x0301; de l\u0027agriculture, de l\u0027agroalimentaire et de la fore\u0026#x0302;t\u0022.\u003C\/p\u003E\u003Cp style=\u0022text-align: justify;\u0022\u003E\u0026nbsp;\u003C\/p\u003E\u003Cp style=\u0022text-align: justify;\u0022\u003EComme l\u0027indiquent les pr\u0026#x00E9;sidents des chambres d\u0027agriculture et alors que les agriculteurs constituent les premiers acteurs de la transition \u0026#x00E9;cologique, les chambres d\u0027agriculture font actuellement face \u0026#x00E0; un besoin massif de\u0026nbsp;moyens financiers pour am\u0026#x00E9;liorer leur performance environnementale.\u0026nbsp;Faute de moyens suffisants, elles ne peuvent aujourd\u0027hui s\u0027y consacrer pleinement. Parties prenantes centrales\u0026nbsp;de nos\u0026nbsp;espaces ruraux, celles-ci\u0026nbsp;se trouvent pourtant exclues du champ du fonds vert qui permet aux collectivit\u0026#x00E9;s locales d\u0027approfondir la transition \u0026#x00E9;cologique dans nos territoires.\u0026nbsp;\u003C\/p\u003E\u003Cp style=\u0022text-align: justify;\u0022\u003E\u0026nbsp;\u003C\/p\u003E\u003Cp style=\u0022text-align: justify;\u0022\u003EAfin d\u0027accompagner les chambres d\u0027agriculture face aux d\u0026#x00E9;fis des transitions \u0026#x00E9;cologique et \u0026#x00E9;nerg\u0026#x00E9;tique, cet amendement vise \u0026#x00E0; fl\u0026#x00E9;cher 55 millions d\u0027euros vers la performance environnementale des chambres d\u0027agriculture.\u003C\/p\u003E","annexeExposeSommaire":{}}},"cycleDeVie":{"dateDepot":"2023-10-20","datePublication":"2023-10-25","soumisArticle40":"false","etatDesTraitements":{"etat":{"code":"DI","libelle":"Discut\u00e9"},"sousEtat":{"code":"DI","libelle":"Retir\u00e9"}},"dateSort":"2023-10-25T20:10:31+02:00","sort":"Retir\u00e9"},"representations":{"representation":{"nom":"PDF","typeMime":{"type":"application","subType":"PDF"},"statutRepresentation":{"verbatim":"true","canonique":"true","officielle":"true","transcription":"false","enregistrement":"false"},"repSource":{},"offset":{},"contenu":{"documentURI":"\/base\/AMANR5L16PO59048B1680P2D1N001733?format=pdf"},"dateDispoRepresentation":{}}},"seanceDiscussionRef":{},"article99":"false","loiReference":{"codeLoi":"6","divisionCodeLoi":{}},"discussionCommune":{},"discussionIdentique":{},"accordGouvernementDepotHorsDelai":"Sans objet"}

Député

ÉTAT B

Agriculture, alimentation, forêt et affaires rurales

Compétitivité et durabilité de l'agriculture, de l'agroalimentaire et de la forêt

Sécurité et qualité sanitaires de l'alimentation

Allègements du coût du travail en agriculture (TODE-AG)

création

Discuté

Retiré
