{"uid":"AMANR5L16PO59048B1680P2D1N001964","chronotag":"1698341556645","legislature":"16","identification":{"numeroLong":"II-CF1964","numeroOrdreDepot":"1964","prefixeOrganeExamen":"CION_FIN","numeroRect":"0"},"examenRef":"EXANR5L16PO59048B1680P2D1","texteLegislatifRef":"PRJLANR5L16B1680","triAmendement":"awiaaaaaaaaaaaaaaaaaaaaaaaaaaaaaaaaaaaaaaaaaaaaaaaabfzzzzzzzzzzzvg","cardinaliteAmdtMultiples":"1","amendementParentRef":{},"signataires":{"auteur":{"typeAuteur":"D\u00e9put\u00e9","gouvernementRef":{},"acteurRef":"PA795430","groupePolitiqueRef":"PO830170","auteurRapporteurOrganeRef":{}},"cosignataires":{"acteurRef":["PA774958","PA643192","PA267999","PA608172","PA643143","PA794094","PA793624"]},"suffixe":"et les membres du groupe Socialistes et apparent\u00e9s (membre de l\u2019intergroupe Nupes)","libelle":" M.\u0026#160;Delautrette,  M.\u0026#160;Leseul, Mme\u0026#160;Jourdan, M.\u0026#160;Bertrand\u0026#160;Petit, Mme\u0026#160;Pires\u0026#160;Beaune, M.\u0026#160;Baptiste, M.\u0026#160;Micka\u0026#235;l\u0026#160;Bouloux, M.\u0026#160;Philippe\u0026#160;Brun et les membres du groupe Socialistes et apparent\u0026#233;s (membre de l\u0026#8217;intergroupe Nupes)"},"pointeurFragmentTexte":{"partieAmendableRef":{},"division":{"titre":"\u00c9TAT B","articleDesignationCourte":"ART. 35","articleDesignation":"ARTICLE 35","type":"ANNEXE","avant_A_Apres":"A","divisionRattachee":"ARTICLE 35","articleAdditionnel":"false","chapitreAdditionnel":"false","urlDivisionTexteVise":"\/16\/textes\/1680C.asp#D_ETAT_B"},"missionVisee":{"codeEtat":"B","codeMissionMinefi":"TA","libelleMission":"\u00c9cologie, d\u00e9veloppement et mobilit\u00e9 durables","missionRef":"2661"}},"corps":{"cartoucheInformatif":{},"contenuAuteur":{"dispositifAmdtCreditPLF":{"listeProgrammes":{"programme":[{"libelle":"Infrastructures et services de transports","programmeRef":"285127","autorisationEngagement":"0","creditPaiement":"0","action":"modification","lignesCredits":{}},{"libelle":"Affaires maritimes, p\u00eache et aquaculture","programmeRef":"285128","autorisationEngagement":"0","creditPaiement":"0","action":"modification","lignesCredits":{}},{"libelle":"Paysages, eau et biodiversit\u00e9","programmeRef":"285129","autorisationEngagement":"0","creditPaiement":"0","action":"modification","lignesCredits":{}},{"libelle":"Expertise, information g\u00e9ographique et m\u00e9t\u00e9orologie","programmeRef":"285130","autorisationEngagement":"0","creditPaiement":"0","action":"modification","lignesCredits":{}},{"libelle":"Pr\u00e9vention des risques","programmeRef":"285131","autorisationEngagement":"0","creditPaiement":"0","action":"modification","lignesCredits":{}},{"libelle":"\u00c9nergie, climat et apr\u00e8s-mines","programmeRef":"285132","autorisationEngagement":"0","creditPaiement":"0","action":"modification","lignesCredits":{}},{"libelle":"Service public de l\u0027\u00e9nergie","programmeRef":"285133","autorisationEngagement":"-1000000000","creditPaiement":"-1000000000","action":"modification","lignesCredits":{}},{"libelle":"Conduite et pilotage des politiques de l\u0027\u00e9cologie, du d\u00e9veloppement et de la mobilit\u00e9 durables","programmeRef":"285134","autorisationEngagement":"0","creditPaiement":"0","action":"modification","lignesCredits":{}},{"libelle":"Fonds d\u0027acc\u00e9l\u00e9ration de la transition \u00e9cologique dans les territoires","programmeRef":"285135","autorisationEngagement":"1000000000","creditPaiement":"1000000000","action":"modification","lignesCredits":{}}]},"soldeAE":"0","soldeCP":"0","cpEgalAe":"true"},"avantAppel":{},"exposeSommaire":"\u003Cp style=\u0022text-align: justify;\u0022\u003ECet amendement du groupe Socialistes et apparent\u0026#x00E9;s vise \u0026#x00E0; doubler le montant des aides \u0026#x00E0; la r\u0026#x00E9;novation \u0026#x00E9;nerg\u0026#x00E9;tique du patrimoine des collectivit\u0026#x00E9;s, et \u0026#x00E0; rendre accessible ces fonds suppl\u0026#x00E9;mentaires via le fonds pour l\u0026#x2019;acc\u0026#x00E9;l\u0026#x00E9;ration de la transition \u0026#x00E9;cologique des territoires, en compl\u0026#x00E9;ment de l\u0026#x2019;enveloppe d\u0026#x00E9;j\u0026#x00E0; pr\u0026#x00E9;vue et des autres financements disponibles (par exemple DSIL).\u003C\/p\u003E\u003Cp style=\u0022text-align: justify;\u0022\u003ELa r\u0026#x00E9;novation \u0026#x00E9;nerg\u0026#x00E9;tique du patrimoine public est un levier central pour r\u0026#x00E9;duire les besoins \u0026#x00E9;nerg\u0026#x00E9;tiques des territoires, limiter les co\u0026#x00FB;ts li\u0026#x00E9;s \u0026#x00E0; la consommation d\u0026#x2019;\u0026#x00E9;nergie et par cons\u0026#x00E9;quent les hausses d\u0026#x2019;imp\u0026#x00F4;ts locaux. Cela s\u0026#x2019;est particuli\u0026#x00E8;rement illustr\u0026#x00E9; durant la p\u0026#x00E9;riode de la crise \u0026#x00E9;nerg\u0026#x00E9;tique.\u003C\/p\u003E\u003Cp style=\u0022text-align: justify;\u0022\u003ELa r\u0026#x00E9;novation du patrimoine public doit \u0026#x00EA;tre plac\u0026#x00E9; au rang des enjeux majeurs \u0026#x00E0; court-terme pour r\u0026#x00E9;ussir la transition \u0026#x00E9;nerg\u0026#x00E9;tique, les travaux de pr\u0026#x00E9;paration de la LPEC et de la PPE l\u0026#x2019;illustre \u0026#x00E9;galement.\u003C\/p\u003E\u003Cp style=\u0022text-align: justify;\u0022\u003EEnfin, les besoins de financement pour les collectivit\u0026#x00E9;s sont sur ce poste notamment tr\u0026#x00E8;s important comme le montre les diff\u0026#x00E9;rents rapports \u0026#x00E9;conomiques qui ont \u0026#x00E9;t\u0026#x00E9; produit cette ann\u0026#x00E9;e (rapport Pisany-Mahfouz entre autres).\u003C\/p\u003E\u003Cp style=\u0022text-align: justify;\u0022\u003EIl est donc primordial d\u0026#x2019;acc\u0026#x00E9;l\u0026#x00E9;rer la modernisation et de travailler \u0026#x00E0; l\u0026#x2019;efficacit\u0026#x00E9; \u0026#x00E9;nerg\u0026#x00E9;tique du patrimoine des collectivit\u0026#x00E9;s. Cela n\u0026#x00E9;cessite des travaux importants et \u0026#x00E0; court terme auxquels le fonds vert peut r\u0026#x00E9;pondre efficacement comme l\u0026#x2019;a montr\u0026#x00E9; son d\u0026#x00E9;ploiement cette ann\u0026#x00E9;e.\u003C\/p\u003E\u003Cp style=\u0022text-align: justify;\u0022\u003ECet amendement proc\u0026#x00E8;de au mouvement de cr\u0026#x00E9;dits suivant\u0026nbsp;: il abonde l\u0026#x2019;action 1 \u0026#x00AB;\u0026nbsp;Performance environnementale\u0026nbsp;\u0026#x00BB; du programme 380 \u0026#x00AB;\u0026nbsp;Fonds d\u0026#x2019;acc\u0026#x00E9;l\u0026#x00E9;ration de la transition \u0026#x00E9;cologique dans les territoires\u0026nbsp;\u0026#x00BB; \u0026#x00E0; hauteur de 1 milliard d\u0026#x2019;euros\u0026nbsp;; il minore l\u0026#x2019;action\u0026nbsp;11 \u0026#x00AB;\u0026nbsp;Soutien dans les zones non interconnect\u0026#x00E9;es au r\u0026#x00E9;seau m\u0026#x00E9;tropolitain\u0026nbsp;\u0026#x00BB; du programme 345 \u0026#x00AB;\u0026nbsp;Service public de l\u0026#x2019;\u0026#x00E9;nergie\u0026nbsp;\u0026#x00BB; \u0026#x00E0; hauteur de 1 milliard\u0026nbsp;d\u0026#x2019;euros.\u0026nbsp;\u003C\/p\u003E\u003Cp style=\u0022text-align: justify;\u0022\u003EIl convient de noter que cette proposition de mouvement de cr\u0026#x00E9;dits est uniquement formelle, afin de respecter les r\u0026#x00E8;gles budg\u0026#x00E9;taires de l\u0026#x2019;Assembl\u0026#x00E9;e nationale. Nous demandons \u0026#x00E9;videmment au Gouvernement de lever le gage.\u003C\/p\u003E\u003Cp style=\u0022text-align: justify;\u0022\u003ECet amendement a \u0026#x00E9;t\u0026#x00E9; travaill\u0026#x00E9; avec Amorce.\u003C\/p\u003E","annexeExposeSommaire":{}}},"cycleDeVie":{"dateDepot":"2023-10-20","datePublication":"2023-10-26","soumisArticle40":"false","etatDesTraitements":{"etat":{"code":"DI","libelle":"Discut\u00e9"},"sousEtat":{"code":"DI","libelle":"Rejet\u00e9"}},"dateSort":"2023-10-26T19:32:11+02:00","sort":"Rejet\u00e9"},"representations":{"representation":{"nom":"PDF","typeMime":{"type":"application","subType":"PDF"},"statutRepresentation":{"verbatim":"true","canonique":"true","officielle":"true","transcription":"false","enregistrement":"false"},"repSource":{},"offset":{},"contenu":{"documentURI":"\/base\/AMANR5L16PO59048B1680P2D1N001964?format=pdf"},"dateDispoRepresentation":{}}},"seanceDiscussionRef":{},"article99":"false","loiReference":{"codeLoi":"9","divisionCodeLoi":"1"},"discussionCommune":{"idDiscussion":"23199","typePosition":"Milieu"},"discussionIdentique":{},"accordGouvernementDepotHorsDelai":"Sans objet"}

Député

et les membres du groupe Socialistes et apparentés (membre de l’intergroupe Nupes)

ÉTAT B

Écologie, développement et mobilité durables

Affaires maritimes, pêche et aquaculture

Paysages, eau et biodiversité

Expertise, information géographique et météorologie

Prévention des risques

Énergie, climat et après-mines

Service public de l'énergie

Conduite et pilotage des politiques de l'écologie, du développement et de la mobilité durables

Fonds d'accélération de la transition écologique dans les territoires

Discuté

Rejeté
