{"uid":"AMANR5L16PO59048B1680P2D1N002637","chronotag":"1698221312034","legislature":"16","identification":{"numeroLong":"II-CF2637","numeroOrdreDepot":"2637","prefixeOrganeExamen":"CION_FIN","numeroRect":"0"},"examenRef":"EXANR5L16PO59048B1680P2D1","texteLegislatifRef":"PRJLANR5L16B1680","triAmendement":"bfiaaaaaaaaaaaaaaaaaaaaaaaaaaaaaaaaaaaaaaaaaaaaaaaalo","cardinaliteAmdtMultiples":"1","amendementParentRef":{},"signataires":{"auteur":{"typeAuteur":"Rapporteur","gouvernementRef":{},"acteurRef":"PA794402","groupePolitiqueRef":"PO800490","auteurRapporteurOrganeRef":{}},"cosignataires":{},"suffixe":{},"libelle":" Mme\u0026#160;Leduc, rapporteure"},"pointeurFragmentTexte":{"partieAmendableRef":{},"division":{"titre":"\u00c9TAT B","articleDesignationCourte":"ART. 35","articleDesignation":"ARTICLE 35","type":"ANNEXE","avant_A_Apres":"A","divisionRattachee":"ARTICLE 35","articleAdditionnel":"false","chapitreAdditionnel":"false","urlDivisionTexteVise":"\/16\/textes\/1680C.asp#D_ETAT_B"},"missionVisee":{"codeEtat":"B","codeMissionMinefi":"GA","libelleMission":"Gestion des finances publiques","missionRef":"2665"}},"corps":{"cartoucheInformatif":{},"contenuAuteur":{"dispositifAmdtCreditPLF":{"listeProgrammes":{"programme":[{"libelle":"Gestion fiscale et financi\u00e8re de l\u0027\u00c9tat et du secteur public local","programmeRef":"317953","autorisationEngagement":"1","creditPaiement":"1","action":"modification","lignesCredits":{}},{"libelle":"Conduite et pilotage des politiques \u00e9conomiques et financi\u00e8res","programmeRef":"317954","autorisationEngagement":"-1","creditPaiement":"-1","action":"modification","lignesCredits":{}},{"libelle":"Facilitation et s\u00e9curisation des \u00e9changes","programmeRef":"317955","autorisationEngagement":"0","creditPaiement":"0","action":"modification","lignesCredits":{}}]},"soldeAE":"0","soldeCP":"0","cpEgalAe":"true"},"avantAppel":{},"exposeSommaire":"\u003Cp style=\u0022text-align: justify;\u0022\u003EPar cet amendement d\u0026#x2019;appel, je porte \u0026#x00E0; votre attention la n\u0026#x00E9;cessit\u0026#x00E9; de pr\u0026#x00E9;voir un plan de renouvellement du mat\u0026#x00E9;riel informatique dans les services de contr\u0026#x00F4;le\u0026nbsp;et les services d\u0026#x2019;enqu\u0026#x00EA;tes en partant des besoins du terrain.\u003C\/p\u003E\u003Cp style=\u0022text-align: justify;\u0022\u003ELes diverses auditions men\u0026#x00E9;es ont montr\u0026#x00E9; l\u0026#x2019;insuffisance du mat\u0026#x00E9;riel \u0026#x00E0; disposition des agents. Face \u0026#x00E0; des fraudeurs fiscaux utilisant des techniques toujours plus sophistiqu\u0026#x00E9;es, il est temps que les services fiscaux puissent disposer d\u0026#x2019;un mat\u0026#x00E9;riel efficace et en quantit\u0026#x00E9; suffisante.\u003C\/p\u003E\u003Cp style=\u0022text-align: justify;\u0022\u003E\u0026nbsp;\u003C\/p\u003E\u003Cp style=\u0022text-align: justify;\u0022\u003ECet amendement\u0026nbsp;:\u0026nbsp;\u003C\/p\u003E\u003Cp style=\u0022text-align: justify;\u0022\u003E- abonde l\u0026#x2019;action 01 Fiscalit\u0026#x00E9; des grandes entreprises du programme 156 Gestion fiscale et financi\u0026#x00E8;re de l\u0026#x2019;\u0026#x00C9;tat et du secteur public local \u0026#x00E0; hauteur de 1\u0026nbsp;euro\u0026nbsp;;\u0026nbsp;\u003C\/p\u003E\u003Cp style=\u0022text-align: justify;\u0022\u003E- et diminue les cr\u0026#x00E9;dits de l\u0026#x2019;action 02 Expertise, audit, \u0026#x00E9;valuation et contr\u0026#x00F4;le du programme 218 Conduite et pilotage des politiques \u0026#x00E9;conomiques et financi\u0026#x00E8;res \u0026#x00E0; due concurrence.\u003C\/p\u003E","annexeExposeSommaire":{}}},"cycleDeVie":{"dateDepot":"2023-10-23","datePublication":"2023-10-25","soumisArticle40":"false","etatDesTraitements":{"etat":{"code":"DI","libelle":"Discut\u00e9"},"sousEtat":{"code":"DI","libelle":"Rejet\u00e9"}},"dateSort":"2023-10-25T10:08:19+02:00","sort":"Rejet\u00e9"},"representations":{"representation":{"nom":"PDF","typeMime":{"type":"application","subType":"PDF"},"statutRepresentation":{"verbatim":"true","canonique":"true","officielle":"true","transcription":"false","enregistrement":"false"},"repSource":{},"offset":{},"contenu":{"documentURI":"\/base\/AMANR5L16PO59048B1680P2D1N002637?format=pdf"},"dateDispoRepresentation":{}}},"seanceDiscussionRef":{},"article99":"false","loiReference":{},"discussionCommune":{},"discussionIdentique":{},"accordGouvernementDepotHorsDelai":"Sans objet"}

ÉTAT B

Gestion fiscale et financière de l'État et du secteur public local

Conduite et pilotage des politiques économiques et financières

Facilitation et sécurisation des échanges

Discuté

Rejeté
