{"uid":"AMANR5L16PO59048B1680P2D1N002761","chronotag":"1698671886603","legislature":"16","identification":{"numeroLong":"II-CF2761","numeroOrdreDepot":"2761","prefixeOrganeExamen":"CION_FIN","numeroRect":"0"},"examenRef":"EXANR5L16PO59048B1680P2D1","texteLegislatifRef":"PRJLANR5L16B1680","triAmendement":"bisaaaaaaaaaaaaaaaaaaaaaaaaaaaaaaaaaaaaaaaaaaaaaaaae","cardinaliteAmdtMultiples":"1","amendementParentRef":{},"signataires":{"auteur":{"typeAuteur":"D\u00e9put\u00e9","gouvernementRef":{},"acteurRef":"PA794734","groupePolitiqueRef":"PO800520","auteurRapporteurOrganeRef":{}},"cosignataires":{},"suffixe":{},"libelle":" M.\u0026#160;Guiniot"},"pointeurFragmentTexte":{"partieAmendableRef":{},"division":{"titre":"\u00c9TAT B","articleDesignationCourte":"ART. 35","articleDesignation":"ARTICLE 35","type":"ANNEXE","avant_A_Apres":"A","divisionRattachee":"ARTICLE 35","articleAdditionnel":"false","chapitreAdditionnel":"false","urlDivisionTexteVise":"\/16\/textes\/1680C.asp#D_ETAT_B"},"missionVisee":{"codeEtat":"B","codeMissionMinefi":"IA","libelleMission":"Immigration, asile et int\u00e9gration","missionRef":"2666"}},"corps":{"cartoucheInformatif":{},"contenuAuteur":{"dispositifAmdtCreditPLF":{"listeProgrammes":{"programme":[{"libelle":"Immigration et asile","programmeRef":"321267","autorisationEngagement":"-32639357","creditPaiement":"-32639357","action":"modification","lignesCredits":{}},{"libelle":"Int\u00e9gration et acc\u00e8s \u00e0 la nationalit\u00e9 fran\u00e7aise","programmeRef":"321268","autorisationEngagement":"0","creditPaiement":"0","action":"modification","lignesCredits":{}}]},"soldeAE":"-32639357","soldeCP":"-32639357","cpEgalAe":"true"},"avantAppel":{},"exposeSommaire":"\u003Cp style=\u0022text-align: justify;\u0022\u003EAmendement d\u0027appel\u003C\/p\u003E\u003Cp style=\u0022text-align: justify;\u0022\u003E\u0026nbsp;\u003C\/p\u003E\u003Cp style=\u0022text-align: justify;\u0022\u003ELe pr\u0026#x00E9;sent amendement pr\u0026#x00E9;voit de minorer les cr\u0026#x00E9;dits, en autorisations d\u0027engagement et en cr\u0026#x00E9;dits de paiement, d\u0027un montant de\u0026nbsp; 32 639 357 euros pour l\u0027action n\u0026#x00B0; 02 : \u0022Garantie de l\u0027exercice du droit d\u0027asile\u0022 du programme n\u0026#x00B0; 303 : \u0022Immigration et Asile\u0022.\u003C\/p\u003E\u003Cp style=\u0022text-align: justify;\u0022\u003E\u0026nbsp;\u003C\/p\u003E\u003Cp style=\u0022text-align: justify;\u0022\u003EEn 2022, selon le PLF 2024, 1 269 703 511,67 euros de subventions ont \u0026#x00E9;t\u0026#x00E9; vers\u0026#x00E9;s aux associations dans le cadre du programme n\u0026#x00B0; 177 : \u0022H\u0026#x00E9;bergement, parcours vers le logement et insertion des personnes vuln\u0026#x00E9;rables\u0022 pour l\u0027h\u0026#x00E9;bergement d\u0027urgence des demandeurs d\u0027asile (HUDA).\u003C\/p\u003E\u003Cp style=\u0022text-align: justify;\u0022\u003EIl appara\u0026#x00EE;t donc que l\u0027HUDA est d\u0026#x00E9;j\u0026#x00E0; largement financ\u0026#x00E9; par ailleurs et que les 32 639 357 euros en autorisations d\u0027engagements pr\u0026#x00E9;vus \u0026#x00E0; cet effet dans le cadre du programme 303 ne sont pas justifi\u0026#x00E9;s.\u003C\/p\u003E","annexeExposeSommaire":{}}},"cycleDeVie":{"dateDepot":"2023-10-25","datePublication":"2023-10-30","soumisArticle40":"false","etatDesTraitements":{"etat":{"code":"DI","libelle":"Discut\u00e9"},"sousEtat":{"code":"DI","libelle":"Non soutenu"}},"dateSort":"2023-10-30T14:18:05+01:00","sort":"Non soutenu"},"representations":{"representation":{"nom":"PDF","typeMime":{"type":"application","subType":"PDF"},"statutRepresentation":{"verbatim":"true","canonique":"true","officielle":"true","transcription":"false","enregistrement":"false"},"repSource":{},"offset":{},"contenu":{"documentURI":"\/base\/AMANR5L16PO59048B1680P2D1N002761?format=pdf"},"dateDispoRepresentation":{}}},"seanceDiscussionRef":{},"article99":"false","loiReference":{"codeLoi":"1","divisionCodeLoi":"0"},"discussionCommune":{},"discussionIdentique":{},"accordGouvernementDepotHorsDelai":"Sans objet"}

Député

ÉTAT B

Immigration, asile et intégration

Intégration et accès à la nationalité française

Discuté
