{"uid":"AMANR5L17PO59046B2630P0D1N000120","chronotag":"1776768721753","legislature":"17","identification":{"numeroLong":"DN120","numeroOrdreDepot":"120","prefixeOrganeExamen":"CION_DEF","numeroRect":"0"},"examenRef":"EXANR5L17PO59046B2630P0D1","texteLegislatifRef":"PRJLANR5L17B2630","triAmendement":"acaaaaaaaaaaaaaaaaaaaaaaaaaaaaaaaaaaaaaaaaaaaaaaaarx","cardinaliteAmdtMultiples":"1","amendementParentRef":{},"signataires":{"auteur":{"typeAuteur":"D\u00e9put\u00e9","gouvernementRef":{},"acteurRef":"PA841091","groupePolitiqueRef":"PO845419","auteurRapporteurOrganeRef":{}},"cosignataires":{"acteurRef":["PA794270","PA333285","PA774960","PA841243","PA841681","PA341981","PA826635","PA719930"]},"suffixe":"et les membres du groupe Socialistes et apparent\u00e9s","libelle":" M.\u0026#160;Simion,  Mme\u0026#160;Pic, M.\u0026#160;Garot, Mme\u0026#160;Santiago, M.\u0026#160;Saint-Pasteur, M.\u0026#160;Sother, Mme\u0026#160;R\u0026#233;calde, M.\u0026#160;Aur\u0026#233;lien\u0026#160;Rousseau, M.\u0026#160;Vallaud et les membres du groupe Socialistes et apparent\u0026#233;s"},"pointeurFragmentTexte":{"partieAmendableRef":{},"division":{"titre":"RAPPORT ANNEX\u00c9","articleDesignationCourte":"ART. PREMIER","articleDesignation":"ARTICLE PREMIER","type":"ANNEXE","avant_A_Apres":"A","divisionRattachee":"ARTICLE PREMIER","articleAdditionnel":"false","chapitreAdditionnel":"false","urlDivisionTexteVise":"\/17\/textes\/2630.asp#D_RAPPORT_ANNEXE"},"amendementStandard":{"alinea":{"avant_A_Apres":"Apres","numero":"18","alineaDesignation":"Apr\u00e8s l\u0027alin\u00e9a 18"}}},"corps":{"cartoucheInformatif":{},"contenuAuteur":{"dispositif":"\u003Cp style=\u0022text-align: justify;\u0022\u003EApr\u0026#x00E8;s l\u0026#x2019;alin\u0026#x00E9;a\u0026nbsp;18, ins\u0026#x00E9;rer l\u0026#x2019;alin\u0026#x00E9;a suivant\u0026nbsp;:\u003C\/p\u003E\u003Cp style=\u0022text-align: justify;\u0022\u003E\u0026#x00AB;\u0026nbsp;L\u0026#x2019;acc\u0026#x00E9;l\u0026#x00E9;ration de l\u0026#x2019;effort de d\u0026#x00E9;fense s\u0026#x2019;accompagne d\u0026#x2019;une politique d\u0026#x2019;attractivit\u0026#x00E9; et de fid\u0026#x00E9;lisation des m\u0026#x00E9;tiers en tension de la base industrielle et technologique de d\u0026#x00E9;fense, en particulier dans les fonctions d\u0026#x2019;ing\u0026#x00E9;nierie, de production, de maintenance et de soutien concourant directement aux capacit\u0026#x00E9;s critiques.\u0026nbsp;\u0026#x00BB;\u003C\/p\u003E","avantAppel":{},"exposeSommaire":"\u003Cp\u003ECet amendement du groupe Socialistes et apparent\u0026#x00E9;s pr\u0026#x00E9;cise que l\u0026#x2019;acc\u0026#x00E9;l\u0026#x00E9;ration de l\u0027effort de d\u0026#x00E9;fense\u0026nbsp;s\u0026#x2019;accompagne d\u0026#x2019;une politique d\u0026#x2019;attractivit\u0026#x00E9; et de fid\u0026#x00E9;lisation des m\u0026#x00E9;tiers en tension de la base industrielle et technologique de d\u0026#x00E9;fense, en particulier dans les fonctions d\u0026#x2019;ing\u0026#x00E9;nierie, de production, de maintenance et de soutien concourant directement aux capacit\u0026#x00E9;s critiques.\u0026nbsp;\u003C\/p\u003E\u003Cp\u003EUne politique industrielle de d\u0026#x00E9;fense s\u0026#x00E9;rieuse ne peut ignorer les tensions de recrutement, la concurrence entre employeurs et les difficult\u0026#x00E9;s de fid\u0026#x00E9;lisation dans certaines fonctions clefs. Le pr\u0026#x00E9;sent amendement vise \u0026#x00E0; rappeler qu\u0026#x2019;une trajectoire de souverainet\u0026#x00E9; suppose aussi une politique des m\u0026#x00E9;tiers.\u003C\/p\u003E","annexeExposeSommaire":{}}},"cycleDeVie":{"dateDepot":"2026-04-17","datePublication":"2026-04-20","soumisArticle40":"false","etatDesTraitements":{"etat":{"code":"DI","libelle":"Discut\u00e9"},"sousEtat":{"code":"DI","libelle":"Adopt\u00e9"}},"dateSort":"2026-04-21T12:51:59+02:00","sort":"Adopt\u00e9"},"representations":{"representation":{"nom":"PDF","typeMime":{"type":"application","subType":"PDF"},"statutRepresentation":{"verbatim":"true","canonique":"true","officielle":"true","transcription":"false","enregistrement":"false"},"repSource":{},"offset":{},"contenu":{"documentURI":"\/base\/AMANR5L17PO59046B2630P0D1N000120?format=pdf"},"dateDispoRepresentation":{}}},"seanceDiscussionRef":{},"article99":"false","loiReference":{},"discussionCommune":{},"discussionIdentique":{},"accordGouvernementDepotHorsDelai":"Sans objet"}

Député

et les membres du groupe Socialistes et apparentés

RAPPORT ANNEXÉ

Après l'alinéa 18

Discuté

Adopté
