{"uid":"AMANR5L17PO59048B0324P2D1N002496","chronotag":"1739874561359","legislature":"17","identification":{"numeroLong":"II-CF2496","numeroOrdreDepot":"2496","prefixeOrganeExamen":"CION_FIN","numeroRect":"0"},"examenRef":"EXANR5L17PO59048B0324P2D1","texteLegislatifRef":"PRJLANR5L17B0324","triAmendement":"ceoaaaaaaaaaaaaaaaaaaaaaaaaaaaaaaaaaaaaaaaaaaaaaaaaghw","cardinaliteAmdtMultiples":"1","amendementParentRef":{},"signataires":{"auteur":{"typeAuteur":"D\u00e9put\u00e9","gouvernementRef":{},"acteurRef":"PA736201","groupePolitiqueRef":"PO845439","auteurRapporteurOrganeRef":{}},"cosignataires":{"acteurRef":["PA793980","PA610968","PA793780","PA588884","PA841701","PA795362","PA795454","PA840997","PA841885","PA841507","PA794008","PA721210","PA793452","PA841351","PA795010","PA841419","PA842013","PA840947","PA794022","PA794146","PA841223","PA795636","PA842045","PA793708","PA793664","PA794154","PA794778","PA795076","PA722142","PA610002","PA795808","PA796018","PA841713","PA793948","PA2940"]},"suffixe":{},"libelle":" Mme\u0026#160;Taill\u0026#233;-Polian,  M.\u0026#160;Fournier, M.\u0026#160;Amirshahi, Mme\u0026#160;Arrighi, Mme\u0026#160;Autain, Mme\u0026#160;Balage\u0026#160;El\u0026#160;Mariky, Mme\u0026#160;Belluco, M.\u0026#160;Ben\u0026#160;Cheikh, M.\u0026#160;Biteau, M.\u0026#160;Arnaud\u0026#160;Bonnet, M.\u0026#160;Nicolas\u0026#160;Bonnet, Mme\u0026#160;Chatelain, M.\u0026#160;Corbi\u0026#232;re, M.\u0026#160;Davi, M.\u0026#160;Duplessy, Mme\u0026#160;Garin, M.\u0026#160;Damien\u0026#160;Girard, M.\u0026#160;Gustave, Mme\u0026#160;Catherine\u0026#160;Hervieu, M.\u0026#160;Iordanoff, Mme\u0026#160;Laernoes, M.\u0026#160;Lahais, M.\u0026#160;Lucas-Lundy, Mme\u0026#160;Ozenne, M.\u0026#160;Peytavie, Mme\u0026#160;Pochon, M.\u0026#160;Raux, Mme\u0026#160;Regol, Mme\u0026#160;Sandrine\u0026#160;Rousseau, M.\u0026#160;Ruffin, Mme\u0026#160;Sas, Mme\u0026#160;Sebaihi, Mme\u0026#160;Simonnet, M.\u0026#160;Tavernier, M.\u0026#160;Thierry et Mme\u0026#160;Voynet"},"pointeurFragmentTexte":{"partieAmendableRef":{},"division":{"titre":"\u00c9TAT B","articleDesignationCourte":"ART. 42","articleDesignation":"ARTICLE 42","type":"ANNEXE","avant_A_Apres":"A","divisionRattachee":"ARTICLE 42","articleAdditionnel":"false","chapitreAdditionnel":"false","urlDivisionTexteVise":"\/17\/textes\/0324C.asp#D_Etat_B"},"missionVisee":{"codeEtat":"B","codeMissionMinefi":"TB","libelleMission":"Travail, emploi et administration des minist\u00e8res sociaux","missionRef":"2904"}},"corps":{"cartoucheInformatif":{},"contenuAuteur":{"dispositifAmdtCreditPLF":{"listeProgrammes":{"programme":[{"libelle":"Acc\u00e8s et retour \u00e0 l\u0027emploi","programmeRef":"469840","autorisationEngagement":"0","creditPaiement":"0","action":"modification","lignesCredits":{}},{"libelle":"Accompagnement des mutations \u00e9conomiques et d\u00e9veloppement de l\u0027emploi","programmeRef":"469842","autorisationEngagement":"0","creditPaiement":"0","action":"modification","lignesCredits":{}},{"libelle":"Am\u00e9lioration de la qualit\u00e9 de l\u0027emploi et des relations du travail","programmeRef":"469844","autorisationEngagement":"10000000","creditPaiement":"10000000","action":"modification","lignesCredits":{}},{"libelle":"Soutien des minist\u00e8res sociaux","programmeRef":"469846","autorisationEngagement":"-10000000","creditPaiement":"-10000000","action":"modification","lignesCredits":{}}]},"soldeAE":"0","soldeCP":"0","cpEgalAe":"true"},"avantAppel":{},"exposeSommaire":"\u003Cp\u003ELe pr\u0026#x00E9;sent amendement vise \u0026#x00E0; valoriser le budget de l\u0026#x2019;Anact.\u0026nbsp;\u003C\/p\u003E\u003Cp\u003ELa sant\u0026#x00E9; au travail constitue un enjeu majeur : alors qu\u0026#x2019;en vertu du code du travail, les entreprises portent la responsabilit\u0026#x00E9; de pr\u0026#x00E9;server la sant\u0026#x00E9; de leurs salari\u0026#x00E9;s, pr\u0026#x00E8;s d\u0026#x2019;un million d\u0026#x2019;accidents (dont plusieurs centaines sont mortels), et pr\u0026#x00E8;s de 50 000 nouvelles reconnaissances de maladies professionnelles sont comptabilis\u0026#x00E9;s chaque ann\u0026#x00E9;e. Nombre de femmes et d\u0026#x2019;hommes us\u0026#x00E9;s pr\u0026#x00E9;matur\u0026#x00E9;ment par des expositions professionnelles ne sont d\u0026#x00E9;j\u0026#x00E0; plus en mesure de se maintenir en emploi, et sont rel\u0026#x00E9;gu\u0026#x00E9;s aux minimas sociaux.\u0026nbsp;\u003C\/p\u003E\u003Cp\u003E\u003Cbr\u003EL\u0026#x2019;urgence est donc d\u0026#x2019;instaurer un travail soutenable pour toutes et tous, avant de songer \u0026#x00E0; reculer l\u0026#x2019;\u0026#x00E2;ge de la retraite comme l\u0026#x2019;a fait le gouvernement en 2023. Cela passe par un investissement massif dans le r\u0026#x00E9;seau d\u0026#x2019;am\u0026#x00E9;lioration des conditions de travail \u0026#x00E0; l\u0026#x2019;\u0026#x00E9;chelle nationale et r\u0026#x00E9;gionale (Aract).\u0026nbsp;\u003C\/p\u003E\u003Cp\u003EOr, le budget de l\u0026#x2019;ANACT est en baisse de 26 %.\u0026nbsp;\u003C\/p\u003E\u003Cp\u003E\u003Cbr\u003EAinsi, pour garantir les moyens pour assurer les conditions de travail nous proposons d\u0026#x2019;abonder le budget d\u0026#x00E9;di\u0026#x00E9; \u0026#x00E0; l\u0026#x2019;Anact. Ce sont des moyens suppl\u0026#x00E9;mentaires pour l\u0026#x2019;ensemble des structures, institutions et services qui \u0026#x0153;uvrent \u0026#x00E0; transformer les situations de travail dont nous avons collectivement besoin.\u0026nbsp;\u003C\/p\u003E\u003Cp\u003E\u003Cbr\u003EL\u0026#x2019;action 01 Sant\u0026#x00E9; et s\u0026#x00E9;curit\u0026#x00E9; au travail du programme 111 Am\u0026#x00E9;lioration de la qualit\u0026#x00E9; de l\u0026#x2019;emploi et des relations du travail est abond\u0026#x00E9;e de 10 000 000 d\u0026#x2019;euros en autorisations d\u0026#x2019;engagement et en cr\u0026#x00E9;dits de paiement. Pour respecter les r\u0026#x00E8;gles de recevabilit\u0026#x00E9; financi\u0026#x00E8;re, ces cr\u0026#x00E9;dits sont pr\u0026#x00E9;lev\u0026#x00E9;s sur l\u0026#x2019;action 36 Syst\u0026#x00E8;mes d\u0026#x2019;information du programme 155 Soutien des minist\u0026#x00E8;res sociaux. Nous appelons le gouvernement \u0026#x00E0; lever le gage.\u003C\/p\u003E\u003Cp\u003E\u0026nbsp;\u003C\/p\u003E\u003Cp\u003E\u0026nbsp;\u003C\/p\u003E\u003Cp\u003E\u0026nbsp;\u003C\/p\u003E","annexeExposeSommaire":{}}},"cycleDeVie":{"dateDepot":"2024-10-30","datePublication":"2024-11-15","soumisArticle40":"false","etatDesTraitements":{"etat":{"code":"DI","libelle":"Discut\u00e9"},"sousEtat":{"code":"DI","libelle":"Retir\u00e9"}},"dateSort":"2024-11-05T22:11:16+01:00","sort":"Retir\u00e9"},"representations":{"representation":{"nom":"PDF","typeMime":{"type":"application","subType":"PDF"},"statutRepresentation":{"verbatim":"true","canonique":"true","officielle":"true","transcription":"false","enregistrement":"false"},"repSource":{},"offset":{},"contenu":{"documentURI":"\/base\/AMANR5L17PO59048B0324P2D1N002496?format=pdf"},"dateDispoRepresentation":{}}},"seanceDiscussionRef":{},"article99":"false","loiReference":{"codeLoi":"3","divisionCodeLoi":"ANACT"},"discussionCommune":{"idDiscussion":"27888","typePosition":"Milieu"},"discussionIdentique":{},"accordGouvernementDepotHorsDelai":"Sans objet"}

Député

ÉTAT B

Travail, emploi et administration des ministères sociaux

Accès et retour à l'emploi

Accompagnement des mutations économiques et développement de l'emploi

Amélioration de la qualité de l'emploi et des relations du travail

Soutien des ministères sociaux

Discuté

Retiré
