{"uid":"AMANR5L17PO59051B1906P2D1N000140","chronotag":"1761683953441","legislature":"17","identification":{"numeroLong":"II-CL140","numeroOrdreDepot":"140","prefixeOrganeExamen":"CION_LOIS","numeroRect":"0"},"examenRef":"EXANR5L17PO59051B1906P2D1","texteLegislatifRef":"PRJLANR5L17B1906","triAmendement":"apaaaaaaaaaaaaaaaaaaaaaaaaaaaaaaaaaaaaaaaaaaaaaaaaad","cardinaliteAmdtMultiples":"1","amendementParentRef":{},"signataires":{"auteur":{"typeAuteur":"D\u00e9put\u00e9","gouvernementRef":{},"acteurRef":"PA794778","groupePolitiqueRef":"PO845439","auteurRapporteurOrganeRef":{}},"cosignataires":{"acteurRef":["PA841701","PA610968","PA841351","PA794022","PA721210","PA793780","PA2940","PA588884","PA795362","PA795454","PA840997","PA841885","PA841507","PA794008","PA793452","PA793980","PA795010","PA841419","PA842013","PA840947","PA794146","PA841223","PA795636","PA842045","PA793708","PA793664","PA794154","PA606545","PA795076","PA722142","PA610002","PA795808","PA796018","PA736201","PA841713","PA793948"]},"suffixe":{},"libelle":" Mme\u0026#160;Regol,  Mme\u0026#160;Balage\u0026#160;El\u0026#160;Mariky, M.\u0026#160;Amirshahi, M.\u0026#160;Duplessy, M.\u0026#160;Iordanoff, M.\u0026#160;Corbi\u0026#232;re, Mme\u0026#160;Arrighi, Mme\u0026#160;Voynet, Mme\u0026#160;Autain, Mme\u0026#160;Belluco, M.\u0026#160;Ben\u0026#160;Cheikh, M.\u0026#160;Biteau, M.\u0026#160;Arnaud\u0026#160;Bonnet, M.\u0026#160;Nicolas\u0026#160;Bonnet, Mme\u0026#160;Chatelain, M.\u0026#160;Davi, M.\u0026#160;Fournier, Mme\u0026#160;Garin, M.\u0026#160;Damien\u0026#160;Girard, M.\u0026#160;Gustave, Mme\u0026#160;Catherine\u0026#160;Hervieu, Mme\u0026#160;Laernoes, M.\u0026#160;Lahais, M.\u0026#160;Lucas-Lundy, Mme\u0026#160;Ozenne, M.\u0026#160;Peytavie, Mme\u0026#160;Pochon, M.\u0026#160;Raux, M.\u0026#160;Roum\u0026#233;gas, Mme\u0026#160;Sandrine\u0026#160;Rousseau, M.\u0026#160;Ruffin, Mme\u0026#160;Sas, Mme\u0026#160;Sebaihi, Mme\u0026#160;Simonnet, Mme\u0026#160;Taill\u0026#233;-Polian, M.\u0026#160;Tavernier et M.\u0026#160;Thierry"},"pointeurFragmentTexte":{"partieAmendableRef":{},"division":{"titre":"ETAT B","articleDesignationCourte":"ART. 49","articleDesignation":"ARTICLE 49","type":"ANNEXE","avant_A_Apres":"A","divisionRattachee":"ARTICLE 49","articleAdditionnel":"false","chapitreAdditionnel":"false","urlDivisionTexteVise":"\/17\/textes\/1906C.asp#D_Etat_B"},"missionVisee":{"codeEtat":"B","codeMissionMinefi":"SB","libelleMission":"S\u00e9curit\u00e9s","missionRef":"3365"}},"corps":{"cartoucheInformatif":{},"contenuAuteur":{"dispositifAmdtCreditPLF":{"listeProgrammes":{"programme":[{"libelle":"Police nationale","programmeRef":"551631","autorisationEngagement":"-15000000","creditPaiement":"-15000000","action":"modification","lignesCredits":{}},{"libelle":"Gendarmerie nationale","programmeRef":"551633","autorisationEngagement":"0","creditPaiement":"0","action":"modification","lignesCredits":{}},{"libelle":"S\u00e9curit\u00e9 et \u00e9ducation routi\u00e8res","programmeRef":"551635","autorisationEngagement":"0","creditPaiement":"0","action":"modification","lignesCredits":{}},{"libelle":"S\u00e9curit\u00e9 civile","programmeRef":"551637","autorisationEngagement":"15000000","creditPaiement":"15000000","action":"modification","lignesCredits":{}}]},"soldeAE":"0","soldeCP":"0","cpEgalAe":"true"},"avantAppel":{},"exposeSommaire":"\u003Cp\u003ECet amendement vise, sur le mod\u0026#x00E8;le des pactes capacitaires, \u0026#x00E0; aider les SIS \u0026#x00E0; financer le remplacement int\u0026#x00E9;gral des mousses anti-incendie contenant des PFAS, ces \u0026#x201C;polluants \u0026#x00E9;ternels\u0026#x201D;, par des mousses anti-incendie ne contenant aucun PFAS.\u0026nbsp;\u003C\/p\u003E\u003Cp\u003E\u003Cbr\u003EEn effet, outre l\u0026#x2019;exposition par les fum\u0026#x00E9;es toxiques, les sapeurs-pompiers sont \u0026#x00E9;galement expos\u0026#x00E9;s aux PFAS via l\u0026#x2019;emploi de ces mousses anti-incendie. Les analyses de cheveux pr\u0026#x00E9;lev\u0026#x00E9;s sur des sapeurs-pompiers volontaires par les \u0026#x00C9;cologistes en partenariat avec les organisations syndicales de sapeurs-pompiers ont ainsi sans surprise d\u0026#x00E9;montr\u0026#x00E9; une sur-contamination des soldats du feu. Pourtant, des alternatives existent : le SIS du Bas-Rhin s\u0026#x2019;est par exemple \u0026#x00E9;quip\u0026#x00E9; enti\u0026#x00E8;rement d\u0027\u0026#x00E9;mulseurs sans fluor, pour un co\u0026#x00FB;t de 335 000 euros (incluant le nettoyage et l\u0026#x2019;\u0026#x00E9;limination des compos\u0026#x00E9;s fluor\u0026#x00E9;s r\u0026#x00E9;siduels pour \u0026#x00E9;viter toute contamination du nouvel \u0026#x00E9;mulseur).\u0026nbsp;\u003C\/p\u003E\u003Cp\u003E\u003Cbr\u003EL\u0026#x2019;Union europ\u0026#x00E9;enne r\u0026#x00E9;fl\u0026#x00E9;chit par ailleurs \u0026#x00E0; interdire l\u0026#x2019;int\u0026#x00E9;gralit\u0026#x00E9; des PFAS des mousses anti-incendie, alors que les PFOS sont d\u0026#x00E9;j\u0026#x00E0; interdits depuis 2011 et que les PFOA et les PFAS en cha\u0026#x00EE;ne avec 14 \u0026#x00E0; 9 atomes de carbone seront d\u0026#x00E9;finitivement interdits en juillet 2025. Il s\u0026#x2019;agit donc d\u0026#x2019;anticiper cette \u0026#x00E9;volution l\u0026#x00E9;gislative \u0026#x00E0; venir pour prot\u0026#x00E9;ger d\u0026#x00E8;s maintenant les soldats du feu.\u003C\/p\u003E\u003Cp\u003E\u003Cbr\u003EParce qu\u0026#x2019;il est du devoir des pouvoirs publics d\u0026#x2019;assurer la protection de celles et ceux qui les servent, l\u0026#x2019;amendement propose par cons\u0026#x00E9;quent un transfert de cr\u0026#x00E9;dits de l\u0026#x2019;action 04 \u0026#x201C;Police des \u0026#x00E9;trangers et s\u0026#x00FB;ret\u0026#x00E9; des transports internationaux\u0026#x201D; du programme \u0026#x201C;Police nationale\u0026#x201D; vers l\u0026#x2019;action 13 \u0026#x201C;Soutien aux acteurs de la s\u0026#x00E9;curit\u0026#x00E9; civile\u0026#x201D; du programme \u0026#x201C;S\u0026#x00E9;curit\u0026#x00E9; civile\u0026#x201D; \u0026#x00E0; hauteur de 15 millions d\u0026#x2019;euros afin d\u0026#x2019;aider les SIS dans ce renouvellement.\u003C\/p\u003E\u003Cp\u003ENous demandons au Gouvernement de lever le gage.\u003C\/p\u003E\u003Cp\u003E\u0026nbsp;\u003C\/p\u003E","annexeExposeSommaire":{}}},"cycleDeVie":{"dateDepot":"2025-10-24","datePublication":"2025-10-28","soumisArticle40":"false","etatDesTraitements":{"etat":{"code":"DI","libelle":"Discut\u00e9"},"sousEtat":{"code":"DI","libelle":"Adopt\u00e9"}},"dateSort":"2025-10-28T21:39:06+01:00","sort":"Adopt\u00e9"},"representations":{"representation":{"nom":"PDF","typeMime":{"type":"application","subType":"PDF"},"statutRepresentation":{"verbatim":"true","canonique":"true","officielle":"true","transcription":"false","enregistrement":"false"},"repSource":{},"offset":{},"contenu":{"documentURI":"\/base\/AMANR5L17PO59051B1906P2D1N000140?format=pdf"},"dateDispoRepresentation":{}}},"seanceDiscussionRef":{},"article99":"false","loiReference":{"codeLoi":"161","divisionCodeLoi":{}},"discussionCommune":{},"discussionIdentique":{},"accordGouvernementDepotHorsDelai":"Sans objet"}

Député

Sécurités

Sécurité et éducation routières

Sécurité civile

Discuté

Adopté
