{"uid":"AMANR5L17PO59051B1906P2D1N000174","chronotag":"1761677593439","legislature":"17","identification":{"numeroLong":"II-CL174","numeroOrdreDepot":"174","prefixeOrganeExamen":"CION_LOIS","numeroRect":"0"},"examenRef":"EXANR5L17PO59051B1906P2D1","texteLegislatifRef":"PRJLANR5L17B1906","triAmendement":"apaaaaaaaaaaaaaaaaaaaaaaaaaaaaaaaaaaaaaaaaaaaaaaaaabi","cardinaliteAmdtMultiples":"1","amendementParentRef":{},"signataires":{"auteur":{"typeAuteur":"D\u00e9put\u00e9","gouvernementRef":{},"acteurRef":"PA794778","groupePolitiqueRef":"PO845439","auteurRapporteurOrganeRef":{}},"cosignataires":{"acteurRef":["PA610968","PA841351","PA841701","PA794022"]},"suffixe":{},"libelle":" Mme\u0026#160;Regol,  M.\u0026#160;Amirshahi, M.\u0026#160;Duplessy, Mme\u0026#160;Balage\u0026#160;El\u0026#160;Mariky et M.\u0026#160;Iordanoff"},"pointeurFragmentTexte":{"partieAmendableRef":{},"division":{"titre":"ETAT B","articleDesignationCourte":"ART. 49","articleDesignation":"ARTICLE 49","type":"ANNEXE","avant_A_Apres":"A","divisionRattachee":"ARTICLE 49","articleAdditionnel":"false","chapitreAdditionnel":"false","urlDivisionTexteVise":"\/17\/textes\/1906C.asp#D_Etat_B"},"missionVisee":{"codeEtat":"B","codeMissionMinefi":"SB","libelleMission":"S\u00e9curit\u00e9s","missionRef":"3365"}},"corps":{"cartoucheInformatif":{},"contenuAuteur":{"dispositifAmdtCreditPLF":{"listeProgrammes":{"programme":[{"libelle":"Police nationale","programmeRef":"567501","autorisationEngagement":"0","creditPaiement":"0","action":"modification","lignesCredits":{}},{"libelle":"Gendarmerie nationale","programmeRef":"567503","autorisationEngagement":"1000000","creditPaiement":"1000000","action":"modification","lignesCredits":{}},{"libelle":"S\u00e9curit\u00e9 et \u00e9ducation routi\u00e8res","programmeRef":"567505","autorisationEngagement":"-1000000","creditPaiement":"-1000000","action":"modification","lignesCredits":{}},{"libelle":"S\u00e9curit\u00e9 civile","programmeRef":"567507","autorisationEngagement":"0","creditPaiement":"0","action":"modification","lignesCredits":{}}]},"soldeAE":"0","soldeCP":"0","cpEgalAe":"true"},"avantAppel":{},"exposeSommaire":"\u003Cp\u003ECet amendement du groupe \u0026#x00C9;cologiste et Social vise \u0026#x00E0; abonder de 1\u0026nbsp;000\u0026nbsp;000\u0026nbsp;euros les cr\u0026#x00E9;dits consacr\u0026#x00E9;s \u0026#x00E0; la formation de la gendarmerie nationale sur les violences sexistes et sexuelles afin de renforcer la formation continue des agents en contact direct avec les victimes.\u003C\/p\u003E\u003Cp\u003ELa formation des forces de l\u0026#x2019;ordre \u0026#x00E0; la prise en charge des violences sexistes et sexuelles est une condition indispensable d\u0026#x2019;un accueil digne et efficace des victimes. Elle permet d\u0026#x2019;assurer la qualit\u0026#x00E9; de l\u0026#x2019;\u0026#x00E9;coute, la bonne qualification des faits et la confiance dans la parole des victimes, un pr\u0026#x00E9;alable essentiel \u0026#x00E0; la lutte contre l\u0026#x2019;impunit\u0026#x00E9;.\u003C\/p\u003E\u003Cp\u003ESi la formation initiale a connu des progr\u0026#x00E8;s ces derni\u0026#x00E8;res ann\u0026#x00E9;es, les besoins en formation continue demeurent, notamment pour les agents charg\u0026#x00E9;s du premier accueil et de la prise de plainte.\u003C\/p\u003E\u003Cp\u003ESelon l\u0026#x2019;\u0026#x00E9;tude de mars\u0026nbsp;2025 de la D\u0026#x00E9;fenseure des droits sur l\u0026#x2019;accueil dans les commissariats et les brigades de gendarmerie, si les forces de l\u0026#x2019;ordre ont amorc\u0026#x00E9; depuis les ann\u0026#x00E9;es 2000 un mouvement volontaire de professionnalisation, cette \u0026#x00E9;volution reste in\u0026#x00E9;gale selon les territoires et les services. L\u0026#x2019;\u0026#x00E9;tude met en \u0026#x00E9;vidence une charge de travail importante, la d\u0026#x00E9;valorisation de la mission d\u0026#x2019;accueil par rapport \u0026#x00E0; l\u0026#x2019;intervention judiciaire, des locaux inadapt\u0026#x00E9;s et des ressources humaines insuffisantes. Ces difficult\u0026#x00E9;s s\u0026#x2019;aggravent pour les publics vuln\u0026#x00E9;rables, dont les femmes victimes de violences sexistes et sexuelles, encore trop souvent confront\u0026#x00E9;es \u0026#x00E0; des st\u0026#x00E9;r\u0026#x00E9;otypes de genre.\u003C\/p\u003E\u003Cp\u003ELa D\u0026#x00E9;fenseure des droits rel\u0026#x00E8;ve ainsi que \u0026#x00AB;\u0026nbsp;les biais de genre pr\u0026#x00E9;sents dans l\u0026#x2019;univers policier\u0026nbsp;\u0026#x00BB; et le manque de formation conduisent \u0026#x00E0; la persistance de comportements inadapt\u0026#x00E9;s. Pourtant, un accueil empreint d\u0026#x2019;\u0026#x00E9;coute et d\u0026#x2019;empathie peut avoir selon de nombreuses femmes interrog\u0026#x00E9;es des effets r\u0026#x00E9;parateurs, y compris lorsque la proc\u0026#x00E9;dure judiciaire n\u0026#x2019;aboutit pas.\u003C\/p\u003E\u003Cp\u003ECes constats rejoignent les t\u0026#x00E9;moignages de terrain.\u003C\/p\u003E\u003Cp\u003EEn 2021, le collectif #NousToutes a recueilli plus de 3\u0026nbsp;500 t\u0026#x00E9;moignages sur l\u0026#x2019;accueil r\u0026#x00E9;serv\u0026#x00E9; aux victimes de violences sexistes et sexuelles par les forces de l\u0026#x2019;ordre. Les chiffres r\u0026#x00E9;v\u0026#x00E8;lent ainsi que 66\u0026nbsp;% des r\u0026#x00E9;pondantes et r\u0026#x00E9;pondants ont fait \u0026#x00E9;tat d\u0026#x2019;une mauvaise prise en charge, dont 70\u0026nbsp;% ont d\u0026#x00E9;nonc\u0026#x00E9; une banalisation des faits, 56\u0026nbsp;% un refus ou un d\u0026#x00E9;couragement de d\u0026#x00E9;p\u0026#x00F4;t de plainte et 55\u0026nbsp;% une culpabilisation de la victime. Ces chiffres rappellent l\u0026#x2019;urgence de former et d\u0026#x2019;accompagner durablement les agents afin de continuer \u0026#x00E0; renforcer la confiance entre la police et les victimes.\u003C\/p\u003E\u003Cp\u003ESelon le rapport 2023 \u0026#x00AB;\u0026nbsp;O\u0026#x00F9; est pass\u0026#x00E9; l\u0026#x2019;argent contre les violences faites aux femmes\u0026nbsp;?\u0026nbsp;\u0026#x00BB;, le co\u0026#x00FB;t unitaire d\u0026#x2019;une formation de trois jours est \u0026#x00E9;valu\u0026#x00E9; \u0026#x00E0; 2\u0026nbsp;070\u0026nbsp;euros pour un groupe de 30 personnes.\u003C\/p\u003E\u003Cp\u003EL\u0026#x2019;abondement de 1\u0026nbsp;000\u0026nbsp;000\u0026nbsp;euros propos\u0026#x00E9; par le pr\u0026#x00E9;sent amendement permettrait ainsi\u0026nbsp;d\u0027assurer la formation continue d\u0027environ 15\u0026nbsp;000gendarmes suppl\u0026#x00E9;mentaires\u0026nbsp;en 2026.\u003C\/p\u003E\u003Cp\u003EL\u0026#x2019;amendement propose en cons\u0026#x00E9;quence de transf\u0026#x00E9;rer ces cr\u0026#x00E9;dits depuis l\u0026#x2019;action 02 \u0026#x00AB;\u0026nbsp;D\u0026#x00E9;marches interminist\u0026#x00E9;rielles et communication \u0026#x00BB; du programme \u0026#x00AB; S\u0026#x00E9;curit\u0026#x00E9; et \u0026#x00E9;ducation routi\u0026#x00E8;res \u0026#x00BB; vers l\u0026#x2019;action 04 \u0026#x00AB; Commandement, ressources humaines et logistique \u0026#x00BB; du programme \u0026#x00AB; Gendarmerie nationale\u0026nbsp;\u0026#x00BB;\u003C\/p\u003E\u003Cp\u003ELe groupe \u0026#x00C9;cologiste et Social demande en outre au Gouvernement de lever le gage.\u003C\/p\u003E","annexeExposeSommaire":{}}},"cycleDeVie":{"dateDepot":"2025-10-24","datePublication":"2025-10-28","soumisArticle40":"false","etatDesTraitements":{"etat":{"code":"DI","libelle":"Discut\u00e9"},"sousEtat":{"code":"DI","libelle":"Rejet\u00e9"}},"dateSort":"2025-10-28T19:52:59+01:00","sort":"Rejet\u00e9"},"representations":{"representation":{"nom":"PDF","typeMime":{"type":"application","subType":"PDF"},"statutRepresentation":{"verbatim":"true","canonique":"true","officielle":"true","transcription":"false","enregistrement":"false"},"repSource":{},"offset":{},"contenu":{"documentURI":"\/base\/AMANR5L17PO59051B1906P2D1N000174?format=pdf"},"dateDispoRepresentation":{}}},"seanceDiscussionRef":{},"article99":"false","loiReference":{"codeLoi":"152","divisionCodeLoi":{}},"discussionCommune":{"idDiscussion":"33335","typePosition":"Dernier"},"discussionIdentique":{},"accordGouvernementDepotHorsDelai":"Sans objet"}

Député

Sécurités

Sécurité et éducation routières

Sécurité civile

Discuté

Rejeté
