{"uid":"AMANR5L17PO59051B1906P2D1N000193","chronotag":"1761689413382","legislature":"17","identification":{"numeroLong":"II-CL193","numeroOrdreDepot":"193","prefixeOrganeExamen":"CION_LOIS","numeroRect":"0"},"examenRef":"EXANR5L17PO59051B1906P2D1","texteLegislatifRef":"PRJLANR5L17B1906","triAmendement":"abuaaaaaaaaaaaaaaaaaaaaaaaaaaaaaaaaaaaaaaaaaaaaaaaaafs","cardinaliteAmdtMultiples":"1","amendementParentRef":{},"signataires":{"auteur":{"typeAuteur":"D\u00e9put\u00e9","gouvernementRef":{},"acteurRef":"PA841701","groupePolitiqueRef":"PO845439","auteurRapporteurOrganeRef":{}},"cosignataires":{"acteurRef":["PA610968","PA841351","PA794022","PA794778"]},"suffixe":{},"libelle":" Mme\u0026#160;Balage\u0026#160;El\u0026#160;Mariky,  M.\u0026#160;Amirshahi, M.\u0026#160;Duplessy, M.\u0026#160;Iordanoff et Mme\u0026#160;Regol"},"pointeurFragmentTexte":{"partieAmendableRef":{},"division":{"titre":"ETAT B","articleDesignationCourte":"ART. 49","articleDesignation":"ARTICLE 49","type":"ANNEXE","avant_A_Apres":"A","divisionRattachee":"ARTICLE 49","articleAdditionnel":"false","chapitreAdditionnel":"false","urlDivisionTexteVise":"\/17\/textes\/1906C.asp#D_Etat_B"},"missionVisee":{"codeEtat":"B","codeMissionMinefi":"IA","libelleMission":"Immigration, asile et int\u00e9gration","missionRef":"3341"}},"corps":{"cartoucheInformatif":{},"contenuAuteur":{"dispositifAmdtCreditPLF":{"listeProgrammes":{"programme":[{"libelle":"Immigration et asile","programmeRef":"569503","autorisationEngagement":"45000000","creditPaiement":"45000000","action":"modification","lignesCredits":{}},{"libelle":"Int\u00e9gration et acc\u00e8s \u00e0 la nationalit\u00e9 fran\u00e7aise","programmeRef":"569505","autorisationEngagement":"-45000000","creditPaiement":"-45000000","action":"modification","lignesCredits":{}}]},"soldeAE":"0","soldeCP":"0","cpEgalAe":"true"},"avantAppel":{},"exposeSommaire":"\u003Cp\u003ECet amendement du groupe \u0026#x00E9;cologiste et social vise \u0026#x00E0; r\u0026#x00E9;tablir les 6 429 places d\u0026#x2019;h\u0026#x00E9;bergement d\u0026#x2019;urgence pour demandeurs d\u0026#x2019;asile (HUDA) supprim\u0026#x00E9;es par la loi de finances pour 2025. Cette suppression compromet gravement la capacit\u0026#x00E9; de notre pays \u0026#x00E0; respecter ses engagements internationaux et \u0026#x00E0; garantir un accueil digne des personnes sollicitant la protection de la France.\u0026nbsp;En 2024, selon les chiffres communiqu\u0026#x00E9;s par l\u0026#x2019;\u0026#x00C9;tat, seuls 65 % des demandeurs d\u0026#x2019;asile b\u0026#x00E9;n\u0026#x00E9;ficient d\u0026#x2019;un h\u0026#x00E9;bergement, laissant pr\u0026#x00E8;s d\u0026#x2019;un tiers des personnes concern\u0026#x00E9;es sans solution. Dans ce contexte d\u0026#x00E9;j\u0026#x00E0; critique, r\u0026#x00E9;duire le nombre de places d\u0026#x2019;HUDA\u0026nbsp;revient\u0026nbsp;\u0026#x00E0; aggraver un d\u0026#x00E9;ficit structurel et \u0026#x00E0; placer la France en situation de non-conformit\u0026#x00E9; avec ses obligations issues de la Convention de Gen\u0026#x00E8;ve du 28 juillet 1951 et de la directive europ\u0026#x00E9;enne 2013\/33\/UE relative \u0026#x00E0; l\u0026#x2019;accueil des demandeurs de protection internationale.\u003C\/p\u003E\u003Cp\u003EAfin de permettre le r\u0026#x00E9;tablissement de ces places, il est propos\u0026#x00E9;, \u0026#x00E0; titre purement formel et dans le respect des r\u0026#x00E8;gles de la loi organique relative aux lois de finances (LOLF), de gager cette mesure par un transfert de 45 millions d\u0026#x2019;euros du programme 104 \u0026#x00AB; Int\u0026#x00E9;gration et acc\u0026#x00E8;s \u0026#x00E0; la nationalit\u0026#x00E9; fran\u0026#x00E7;aise \u0026#x00BB; (action n\u0026#x00B0;11 \u0026#x00AB; Accueil des \u0026#x00E9;trangers primo-arrivants \u0026#x00BB;) vers le programme 303 \u0026#x00AB; Immigration et asile \u0026#x00BB; (action n\u0026#x00B0;2 \u0026#x00AB; Garantie de l\u0026#x2019;exercice du droit d\u0026#x2019;asile \u0026#x00BB;). Ce mouvement de cr\u0026#x00E9;dits n\u0026#x2019;a qu\u0026#x2019;une port\u0026#x00E9;e technique : nous invitons le Gouvernement \u0026#x00E0; lever ce gage, afin qu\u0026#x2019;aucun dispositif d\u0026#x2019;int\u0026#x00E9;gration ne soit affaibli.\u003C\/p\u003E\u003Cp\u003ECet amendement est soutenu par la F\u0026#x00E9;d\u0026#x00E9;ration des acteurs de la solidarit\u0026#x00E9; (FAS) et France Terre d\u0026#x2019;Asile (FTDA).\u003C\/p\u003E","annexeExposeSommaire":{}}},"cycleDeVie":{"dateDepot":"2025-10-24","datePublication":"2025-10-28","soumisArticle40":"false","etatDesTraitements":{"etat":{"code":"DI","libelle":"Discut\u00e9"},"sousEtat":{"code":"DI","libelle":"Rejet\u00e9"}},"dateSort":"2025-10-28T23:10:12+01:00","sort":"Rejet\u00e9"},"representations":{"representation":{"nom":"PDF","typeMime":{"type":"application","subType":"PDF"},"statutRepresentation":{"verbatim":"true","canonique":"true","officielle":"true","transcription":"false","enregistrement":"false"},"repSource":{},"offset":{},"contenu":{"documentURI":"\/base\/AMANR5L17PO59051B1906P2D1N000193?format=pdf"},"dateDispoRepresentation":{}}},"seanceDiscussionRef":{},"article99":"false","loiReference":{"codeLoi":"303","divisionCodeLoi":"45 000 000"},"discussionCommune":{"idDiscussion":"33305","typePosition":"Dernier"},"discussionIdentique":{},"accordGouvernementDepotHorsDelai":"Sans objet"}

Député

Immigration, asile et intégration

Intégration et accès à la nationalité française

Discuté

Rejeté
