{"uid":"AMANR5L17PO838901B1906P2D1N000946","chronotag":"1763938784360","legislature":"17","identification":{"numeroLong":"II-946","numeroOrdreDepot":"946","prefixeOrganeExamen":"AN","numeroRect":"0"},"examenRef":"EXANR5L17PO838901B1906P2D1","texteLegislatifRef":"PRJLANR5L17B1906","triAmendement":"bcoaaaaaaaaaaaaaaaaaaaaaaaaaaaaaaaaaaaaaaaaaaaaaaaaaad","cardinaliteAmdtMultiples":"1","amendementParentRef":{},"signataires":{"auteur":{"typeAuteur":"D\u00e9put\u00e9","gouvernementRef":{},"acteurRef":"PA720838","groupePolitiqueRef":"PO845514","auteurRapporteurOrganeRef":{}},"cosignataires":{"acteurRef":["PA796010","PA842299","PA605745","PA842271","PA794710","PA796106","PA795868","PA721896","PA795998","PA774962","PA335612","PA793174","PA795820","PA721270","PA795240","PA795876"]},"suffixe":{},"libelle":" Mme\u0026#160;Bourouaha,  M.\u0026#160;Maillot, M.\u0026#160;Tjibaou, M.\u0026#160;Sansu, M.\u0026#160;Maurel, M.\u0026#160;Brugerolles, M.\u0026#160;B\u0026#233;nard, M.\u0026#160;Castor, Mme\u0026#160;Faucillon, Mme\u0026#160;K\/Bidi, Mme\u0026#160;Lebon, M.\u0026#160;Lecoq, M.\u0026#160;Monnet, M.\u0026#160;Nadeau, M.\u0026#160;Peu, Mme\u0026#160;Reid\u0026#160;Arbelot et M.\u0026#160;Rimane"},"pointeurFragmentTexte":{"partieAmendableRef":{},"division":{"titre":"ETAT B","articleDesignationCourte":"ART. 49","articleDesignation":"ARTICLE 49","type":"ANNEXE","avant_A_Apres":"A","divisionRattachee":"ARTICLE 49","articleAdditionnel":"false","chapitreAdditionnel":"false","urlDivisionTexteVise":"\/17\/textes\/1906C.asp#D_Etat_B"},"missionVisee":{"codeEtat":"B","codeMissionMinefi":"MA","libelleMission":"M\u00e9dias, livre et industries culturelles","missionRef":"3347"}},"corps":{"cartoucheInformatif":"Sous r\u00e9serve de son traitement par les services de l\u0027Assembl\u00e9e nationale et de sa recevabilit\u00e9","contenuAuteur":{"dispositifAmdtCreditPLF":{"listeProgrammes":{"programme":[{"libelle":"Presse et m\u00e9dias","programmeRef":"665807","autorisationEngagement":"-100000000","creditPaiement":"-100000000","action":"modification","lignesCredits":{}},{"libelle":"Livre et industries culturelles","programmeRef":"665809","autorisationEngagement":"0","creditPaiement":"0","action":"modification","lignesCredits":{}},{"libelle":"R\u00e9forme des aides \u00e0 la presse ","programmeRef":"665811","autorisationEngagement":"100000000","creditPaiement":"100000000","action":"cr\u00e9ation","lignesCredits":{}}]},"soldeAE":"0","soldeCP":"0","cpEgalAe":"true"},"avantAppel":{},"exposeSommaire":"\u003Cp style=\u0022text-align: justify;\u0022\u003ECet amendement vise \u0026#x00E0; proposer une r\u0026#x00E9;forme du dispositif des aides \u0026#x00E0; la presse afin de lutter contre la croissante concentration des m\u0026#x00E9;dias.\u003C\/p\u003E\u003Cp style=\u0022text-align: justify;\u0022\u003ELe syst\u0026#x00E8;me d\u0026#x2019;aides \u0026#x00E0; la presse n\u0026#x00E9;cessite d\u0026#x2019;une r\u0026#x00E9;forme profonde. En effet, ce sont les grands titres adoss\u0026#x00E9;s \u0026#x00E0; des grands groupes industriels qui sont les premiers b\u0026#x00E9;n\u0026#x00E9;ficiaires de ces aides. Le Groupe Les \u0026#x00C9;chos- Le Parisien (propri\u0026#x00E9;t\u0026#x00E9; de LVMH) reste le premier b\u0026#x00E9;n\u0026#x00E9;ficiaire des aides \u0026#x00E0; la presse avec un montant total des aides qui atteint 12,2\u0026nbsp;millions d\u0027euros, suivi par le groupe Le Figaro avec 9 millions d\u0027euros puis par le Groupe Bayard (La Croix) avec 8,1 millions d\u0027euros. Le groupe Le Monde appara\u0026#x00EE;t parmi les cinq premiers b\u0026#x00E9;n\u0026#x00E9;ficiaires avec presque 8 millions d\u0027euros.\u003C\/p\u003E\u003Cp style=\u0022text-align: justify;\u0022\u003EAlors m\u0026#x00EA;me que l\u0026#x2019;immense majorit\u0026#x00E9; des m\u0026#x00E9;dias est la propri\u0026#x00E9;t\u0026#x00E9; de milliardaires, cet argent public permet \u0026#x00E0; leur propri\u0026#x00E9;taire de ne pas investir et de contr\u0026#x00F4;ler \u0026#x00E0; faible prix ces journaux.\u003C\/p\u003E\u003Cp style=\u0022text-align: justify;\u0022\u003EL\u0026#x2019;objectif central du programme 180 consistant \u0026#x00E0; contribuer au pluralisme de la presse, il est donc paradoxal qu\u0026#x2019;une part aussi significative des aides soit capt\u0026#x00E9;e par des groupes dont la position dominante constitue en elle-m\u0026#x00EA;me, une menace majeure pour le pluralisme de la presse et des m\u0026#x00E9;dias.\u003C\/p\u003E\u003Cp style=\u0022text-align: justify;\u0022\u003EL\u0026#x2019;urgence serait donc \u0026#x00E0; engager une r\u0026#x00E9;forme profonde de ces aides de sorte\u0026nbsp;:\u003C\/p\u003E\u003Cp style=\u0022text-align: justify;\u0022\u003E\u0026#x2022; qu\u0026#x2019;elles tiennent compte de la situation \u0026#x00E9;conomique r\u0026#x00E9;elle des groupes auxquels les titres appartiennent et qui per\u0026#x00E7;oivent ces aides\u0026nbsp;;\u003C\/p\u003E\u003Cp style=\u0022text-align: justify;\u0022\u003E\u0026#x2022; qu\u0026#x2019;elles \u0026#x00E9;voluent en fonction de crit\u0026#x00E8;res, notamment de gouvernance des titres, en particulier la pr\u0026#x00E9;sence de salari\u0026#x00E9;s au sein des organes de direction de ceux-ci.\u003C\/p\u003E\u003Cp style=\u0022text-align: justify;\u0022\u003EAfin de se conformer aux r\u0026#x00E8;gles de la LOLF, l\u0026#x2019;amendement est ainsi r\u0026#x00E9;dig\u0026#x00E9;\u0026nbsp;:\u003C\/p\u003E\u003Cp style=\u0022text-align: justify;\u0022\u003EUn nouveau programme intitul\u0026#x00E9; \u0026#x00AB;\u0026nbsp;R\u0026#x00E9;formes des aides \u0026#x00E0; la presse\u0026nbsp;\u0026#x00BB; est cr\u0026#x00E9;\u0026#x00E9; et abond\u0026#x00E9; de 100 millions d\u0027euros.\u003C\/p\u003E\u003Cp style=\u0022text-align: justify;\u0022\u003ECes cr\u0026#x00E9;dit sont pr\u0026#x00E9;lev\u0026#x00E9;s hors titre 2\u0026nbsp;\u0026#x00E0; l\u0026#x2019;action 02 du programme 180.\u003C\/p\u003E","annexeExposeSommaire":{}}},"cycleDeVie":{"dateDepot":"2025-11-10","datePublication":{},"soumisArticle40":"true","etatDesTraitements":{"etat":{"code":"ET","libelle":"En traitement"},"sousEtat":{}},"dateSort":{},"sort":{}},"representations":{"representation":{"nom":"PDF","typeMime":{"type":"application","subType":"PDF"},"statutRepresentation":{"verbatim":"true","canonique":"true","officielle":"true","transcription":"false","enregistrement":"false"},"repSource":{},"offset":{},"contenu":{"documentURI":"\/base\/AMANR5L17PO838901B1906P2D1N000946?format=pdf"},"dateDispoRepresentation":{}}},"seanceDiscussionRef":{},"article99":"false","loiReference":{"codeLoi":"C ","divisionCodeLoi":"100"},"discussionCommune":{},"discussionIdentique":{},"accordGouvernementDepotHorsDelai":"Sans objet"}

Député

Médias, livre et industries culturelles

Sous réserve de son traitement par les services de l'Assemblée nationale et de sa recevabilité

Presse et médias

Réforme des aides à la presse

création
