{"uid":"AMANR5L17PO838901B1906P2D1N001966","chronotag":"1763938793579","legislature":"17","identification":{"numeroLong":"II-1966","numeroOrdreDepot":"1966","prefixeOrganeExamen":"AN","numeroRect":"0"},"examenRef":"EXANR5L17PO838901B1906P2D1","texteLegislatifRef":"PRJLANR5L17B1906","triAmendement":"ajsaaaaaaaaaaaaaaaaaaaaaaaaaaaaaaaaaaaaaaaaaaaaaaazzzzw","cardinaliteAmdtMultiples":"1","amendementParentRef":{},"signataires":{"auteur":{"typeAuteur":"Rapporteur","gouvernementRef":{},"acteurRef":"PA840829","groupePolitiqueRef":"PO845419","auteurRapporteurOrganeRef":"PO419865"},"cosignataires":{"acteurRef":["PA793664","PA795362","PA841507","PA842045","PA793948"]},"suffixe":{},"libelle":" M.\u0026#160;Barusseau, rapporteur pour avis au nom de la commission du d\u0026#233;veloppement durable et de l\u0026apos;am\u0026#233;nagement du territoire,  Mme\u0026#160;Pochon, Mme\u0026#160;Belluco, M.\u0026#160;Nicolas\u0026#160;Bonnet, Mme\u0026#160;Ozenne et M.\u0026#160;Thierry"},"pointeurFragmentTexte":{"partieAmendableRef":{},"division":{"titre":"ETAT B","articleDesignationCourte":"ART. 49","articleDesignation":"ARTICLE 49","type":"ANNEXE","avant_A_Apres":"A","divisionRattachee":"ARTICLE 49","articleAdditionnel":"false","chapitreAdditionnel":"false","urlDivisionTexteVise":"\/17\/textes\/1906C.asp#D_Etat_B"},"missionVisee":{"codeEtat":"B","codeMissionMinefi":"VA","libelleMission":"Coh\u00e9sion des territoires","missionRef":"3319"}},"corps":{"cartoucheInformatif":"Sous r\u00e9serve de son traitement par les services de l\u0027Assembl\u00e9e nationale et de sa recevabilit\u00e9","contenuAuteur":{"dispositifAmdtCreditPLF":{"listeProgrammes":{"programme":[{"libelle":"H\u00e9bergement, parcours vers le logement et insertion des personnes vuln\u00e9rables","programmeRef":"680087","autorisationEngagement":"0","creditPaiement":"0","action":"modification","lignesCredits":{}},{"libelle":"Aide \u00e0 l\u0027acc\u00e8s au logement","programmeRef":"680089","autorisationEngagement":"0","creditPaiement":"0","action":"modification","lignesCredits":{}},{"libelle":"Urbanisme, territoires et am\u00e9lioration de l\u0027habitat","programmeRef":"680091","autorisationEngagement":"-3000000","creditPaiement":"-3000000","action":"modification","lignesCredits":{}},{"libelle":"Impulsion et coordination de la politique d\u0027am\u00e9nagement du territoire","programmeRef":"680093","autorisationEngagement":"3000000","creditPaiement":"3000000","action":"modification","lignesCredits":{}},{"libelle":"Politique de la ville","programmeRef":"680095","autorisationEngagement":"0","creditPaiement":"0","action":"modification","lignesCredits":{}},{"libelle":"Interventions territoriales de l\u0027\u00c9tat","programmeRef":"680097","autorisationEngagement":"0","creditPaiement":"0","action":"modification","lignesCredits":{}}]},"soldeAE":"0","soldeCP":"0","cpEgalAe":"true"},"avantAppel":{},"exposeSommaire":"\u003Cp style=\u0022text-align: justify;\u0022\u003ECet amendement vise \u0026#x00E0; octroyer du budget suppl\u0026#x00E9;mentaire au dispositif France Services \u0026#x00E0; l\u0026#x2019;investissement dans des bus ou v\u0026#x00E9;hicules mobiles itin\u0026#x00E9;rants adapt\u0026#x00E9;s, en capacit\u0026#x00E9; de d\u0026#x00E9;ployer l\u0026#x2019;acc\u0026#x00E8;s aux services publics garanti par les maisons France Services dans les territoires ruraux et de montagne. Ces investissements permettront d\u0026#x2019;appuyer les services publics de transport et de mobilit\u0026#x00E9; durable de collectivit\u0026#x00E9;s territoriales rurales \u0026#x00E0; travers le budget France Ruralit\u0026#x00E9;s. Il s\u0026#x2019;inspire des initiatives existantes de bus France Service itin\u0026#x00E9;rants.\u003C\/p\u003E\u003Cp style=\u0022text-align: justify;\u0022\u003ECet amendement r\u0026#x00E9;pond au double enjeu du manque d\u0026#x2019;acc\u0026#x00E8;s \u0026#x00E0; la mobilit\u0026#x00E9; et de l\u0026#x2019;acc\u0026#x00E8;s\u0026nbsp;aux services publics dans les territoires ruraux. Dans les petites communes, les enjeux de mobilit\u0026#x00E9;s sont directement li\u0026#x00E9;s aux questions de pouvoir d\u0026#x2019;achat des m\u0026#x00E9;nages. Plus les m\u0026#x00E9;nages ont de faibles revenus, plus ils auront de difficult\u0026#x00E9;s \u0026#x00E0; se d\u0026#x00E9;placer, dans des zones ou le manque de services publics oblige \u0026#x00E0; se servir d\u0026#x2019;une voiture individuelle, dont le prix de l\u0026#x2019;essence augmente et dont le co\u0026#x00FB;t d\u0026#x2019;achat est parfois trop \u0026#x00E9;lev\u0026#x00E9;. Aussi, il est propos\u0026#x00E9; par cet amendement d\u0026#x2019;abonder le fonds France Ruralit\u0026#x00E9;s, afin de financer des bus ou des v\u0026#x00E9;hicules itin\u0026#x00E9;rants adapt\u0026#x00E9;s, notamment pour les territoires enclav\u0026#x00E9;s et de montagne, selon les besoins des collectivit\u0026#x00E9;s locales, afin de garantir \u0026#x00E0; chacun l\u0026#x2019;acc\u0026#x00E8;s aux droits et aux services, peu importe o\u0026#x00F9; il r\u0026#x00E9;side.\u003C\/p\u003E\u003Cp style=\u0022text-align: justify;\u0022\u003ECet amendement attribue en cr\u0026#x00E9;dits de paiement (CP) et autorisations d\u0026#x2019;engagement (AE) 3\u0026nbsp;000\u0026nbsp;000 d\u0026#x2019;euros suppl\u0026#x00E9;mentaires \u0026#x00E0; l\u0026#x2019;action n\u0026#x00B0; 12 \u0026#x00AB;\u0026nbsp;FNADT section g\u0026#x00E9;n\u0026#x00E9;rale\u0026nbsp;\u0026#x00BB; dans le programme 112 \u0026#x00AB;\u0026nbsp;Impulsion et coordination des politiques d\u0026#x2019;am\u0026#x00E9;nagement du territoire\u0026nbsp;\u0026#x00BB;. Pour respecter les r\u0026#x00E8;gles de recevabilit\u0026#x00E9; financi\u0026#x00E8;re impos\u0026#x00E9;es par l\u0026#x2019;article\u0026nbsp;40 de la Constitution, l\u0026#x2019;amendement pr\u0026#x00E9;l\u0026#x00E8;ve en CP et AE 3\u0026nbsp;000\u0026nbsp;000 d\u0026#x2019;euros dans le programme 135 \u0026#x00AB;\u0026nbsp;Urbanisme, territoires et am\u0026#x00E9;lioration de l\u0026#x2019;habitat\u0026nbsp;\u0026#x00BB; au sein de son action n\u0026#x00B0;7 \u0026#x00AB;\u0026nbsp;Urbanisme et am\u0026#x00E9;nagement\u0026nbsp;\u0026#x00BB;.\u0026nbsp;\u003C\/p\u003E\u003Cp style=\u0022text-align: justify;\u0022\u003ECette proposition de mouvement de cr\u0026#x00E9;dits est formelle, dans le respect des r\u0026#x00E8;gles budg\u0026#x00E9;taires de l\u0026#x2019;Assembl\u0026#x00E9;e nationale. Il est souhaite\u0026#x0301; que le Gouvernement le\u0026#x0300;ve le gage.\u003C\/p\u003E","annexeExposeSommaire":{}}},"cycleDeVie":{"dateDepot":"2025-11-13","datePublication":{},"soumisArticle40":"false","etatDesTraitements":{"etat":{"code":"ET","libelle":"En traitement"},"sousEtat":{}},"dateSort":{},"sort":{}},"representations":{"representation":{"nom":"PDF","typeMime":{"type":"application","subType":"PDF"},"statutRepresentation":{"verbatim":"true","canonique":"true","officielle":"true","transcription":"false","enregistrement":"false"},"repSource":{},"offset":{},"contenu":{"documentURI":"\/base\/AMANR5L17PO838901B1906P2D1N001966?format=pdf"},"dateDispoRepresentation":{}}},"seanceDiscussionRef":{},"article99":"false","loiReference":{},"discussionCommune":{},"discussionIdentique":{},"accordGouvernementDepotHorsDelai":"Sans objet"}

Cohésion des territoires

Sous réserve de son traitement par les services de l'Assemblée nationale et de sa recevabilité

Hébergement, parcours vers le logement et insertion des personnes vulnérables

Aide à l'accès au logement

Urbanisme, territoires et amélioration de l'habitat

Impulsion et coordination de la politique d'aménagement du territoire

Interventions territoriales de l'État
