{"uid":"AMANR5L17PO838901B1906P2D1N002878","chronotag":"1763938798706","legislature":"17","identification":{"numeroLong":"II-2878","numeroOrdreDepot":"2878","prefixeOrganeExamen":"AN","numeroRect":"0"},"examenRef":"EXANR5L17PO838901B1906P2D1","texteLegislatifRef":"PRJLANR5L17B1906","triAmendement":"bmoaaaaaaaaaaaaaaaaaaaaaaaaaaaaaaaaaaaaaaaaaaaaaaazzzzzzzzzzzzzzzzzzzzzzzx","cardinaliteAmdtMultiples":"1","amendementParentRef":{},"signataires":{"auteur":{"typeAuteur":"D\u00e9put\u00e9","gouvernementRef":{},"acteurRef":"PA605745","groupePolitiqueRef":"PO845514","auteurRapporteurOrganeRef":{}},"cosignataires":{"acteurRef":["PA842299","PA842271"]},"suffixe":{},"libelle":" M.\u0026#160;Sansu,  M.\u0026#160;Tjibaou et M.\u0026#160;Maurel"},"pointeurFragmentTexte":{"partieAmendableRef":{},"division":{"titre":"ETAT B","articleDesignationCourte":"ART. 49","articleDesignation":"ARTICLE 49","type":"ANNEXE","avant_A_Apres":"A","divisionRattachee":"ARTICLE 49","articleAdditionnel":"false","chapitreAdditionnel":"false","urlDivisionTexteVise":"\/17\/textes\/1906C.asp#D_Etat_B"},"missionVisee":{"codeEtat":"B","codeMissionMinefi":"TB","libelleMission":"Travail, emploi et administration des minist\u00e8res sociaux","missionRef":"3373"}},"corps":{"cartoucheInformatif":"Sous r\u00e9serve de son traitement par les services de l\u0027Assembl\u00e9e nationale et de sa recevabilit\u00e9","contenuAuteur":{"dispositifAmdtCreditPLF":{"listeProgrammes":{"programme":[{"libelle":"Acc\u00e8s et retour \u00e0 l\u0027emploi","programmeRef":"690925","autorisationEngagement":"40000000","creditPaiement":"40000000","action":"modification","lignesCredits":{}},{"libelle":"Accompagnement des mutations \u00e9conomiques et d\u00e9veloppement de l\u0027emploi","programmeRef":"690927","autorisationEngagement":"0","creditPaiement":"0","action":"modification","lignesCredits":{}},{"libelle":"Am\u00e9lioration de la qualit\u00e9 de l\u0027emploi et des relations du travail","programmeRef":"690929","autorisationEngagement":"0","creditPaiement":"0","action":"modification","lignesCredits":{}},{"libelle":"Soutien des minist\u00e8res sociaux","programmeRef":"690931","autorisationEngagement":"-40000000","creditPaiement":"-40000000","action":"modification","lignesCredits":{}}]},"soldeAE":"0","soldeCP":"0","cpEgalAe":"true"},"avantAppel":{},"exposeSommaire":"\u003Cp\u003ECet amendement vise \u0026#x00E0; augmenter le budget de 40 M\u0026#x20AC; dont \u0026#x00E9;tait dot\u0026#x00E9; le Fonds de d\u0026#x00E9;veloppement de l\u0026#x2019;inclusion (FDI) et que le PLF 2026 a supprim\u0026#x00E9;.\u003C\/p\u003E\u003Cp\u003EDestin\u0026#x00E9; \u0026#x00E0; d\u0026#x00E9;velopper et \u0026#x00E0; soutenir les Structures d\u0026#x2019;insertion par l\u0026#x2019;activit\u0026#x00E9; \u0026#x00E9;conomique (SIAE), le FDI peut \u0026#x00EA;tre mobilis\u0026#x00E9; pour diff\u0026#x00E9;rents types d\u0026#x2019;actions comme l\u0026#x2019;aide au d\u0026#x00E9;marrage d\u0026#x2019;une structure nouvelle, l\u0026#x2019;aide au d\u0026#x00E9;veloppement, \u0026#x00E0; l\u0026#x2019;adaptation et \u0026#x00E0; la diversification des activit\u0026#x00E9;s, l\u0026#x2019;aide \u0026#x00E0; l\u0026#x2019;appui - conseil ; l\u0026#x2019;aide \u0026#x00E0; la professionnalisation, l\u0026#x2019;\u0026#x00E9;valuation et l\u0026#x2019;exp\u0026#x00E9;rimentation ou encore l\u0026#x2019;aide exceptionnelle \u0026#x00E0; la consolidation financi\u0026#x00E8;re\u003C\/p\u003E\u003Cp\u003ECe fonds est indispensable au soutien des SIAE, dans la p\u0026#x00E9;riode d\u0026#x2019;incertitude budg\u0026#x00E9;taire que nous connaissons. Les coupes budg\u0026#x00E9;taires massives vont mettre en difficult\u0026#x00E9; l\u0026#x2019;ensemble des SIAE\u0026nbsp;et les plus fragiles risquent m\u0026#x00EA;me de fermer d\u0026#x00E9;finitivement. Pour limiter la casse sociale et \u0026#x00E9;conomique, il est\u0026nbsp;n\u0026#x00E9;cessaire\u0026nbsp;de r\u0026#x00E9;introduire un FDI qui pourra r\u0026#x00E9;pondre aux difficult\u0026#x00E9;s conjoncturelles des structures.\u003C\/p\u003E\u003Cp\u003EL\u0026#x2019;action 03 du programme 102 est abond\u0026#x00E9; de 40 millions d\u0026#x2019;euros en AE et en CP. Ces cr\u0026#x00E9;dits sont pr\u0026#x00E9;lev\u0026#x00E9;s hors titre 2 sur l\u0026#x2019;action 31 du programme 155. Nous appelons le gouvernement \u0026#x00E0; lever le gage\u003C\/p\u003E","annexeExposeSommaire":{}}},"cycleDeVie":{"dateDepot":"2025-11-18","datePublication":{},"soumisArticle40":"false","etatDesTraitements":{"etat":{"code":"ET","libelle":"En traitement"},"sousEtat":{}},"dateSort":{},"sort":{}},"representations":{"representation":{"nom":"PDF","typeMime":{"type":"application","subType":"PDF"},"statutRepresentation":{"verbatim":"true","canonique":"true","officielle":"true","transcription":"false","enregistrement":"false"},"repSource":{},"offset":{},"contenu":{"documentURI":"\/base\/AMANR5L17PO838901B1906P2D1N002878?format=pdf"},"dateDispoRepresentation":{}}},"seanceDiscussionRef":{},"article99":"false","loiReference":{},"discussionCommune":{},"discussionIdentique":{},"accordGouvernementDepotHorsDelai":"Sans objet"}

Député

Travail, emploi et administration des ministères sociaux

Sous réserve de son traitement par les services de l'Assemblée nationale et de sa recevabilité

Accès et retour à l'emploi

Accompagnement des mutations économiques et développement de l'emploi

Amélioration de la qualité de l'emploi et des relations du travail

Soutien des ministères sociaux
