{"uid":"AMANR5L17PO838901BTC1980P0D1N001693","chronotag":"1761070453409","legislature":"17","identification":{"numeroLong":"1693","numeroOrdreDepot":"1693","prefixeOrganeExamen":"AN","numeroRect":"0"},"examenRef":"EXANR5L17PO838901BTC1980P0D1","texteLegislatifRef":"PIONANR5L17BTC1980","triAmendement":"paaaaaaaaaaaaaaaaaaaaaaaaaaaaaaaaaaaaaaaaaaaaaaaaazzzs","cardinaliteAmdtMultiples":"1","amendementParentRef":{},"signataires":{"auteur":{"typeAuteur":"D\u00e9put\u00e9","gouvernementRef":{},"acteurRef":"PA795808","groupePolitiqueRef":"PO845439","auteurRapporteurOrganeRef":{}},"cosignataires":{"acteurRef":["PA842013","PA610968","PA793780","PA588884","PA841701","PA795362","PA795454","PA840997","PA841885","PA841507","PA794008","PA721210","PA793452","PA841351","PA793980","PA795010","PA841419","PA840947","PA794022","PA794146","PA841223","PA795636","PA842045","PA793708","PA793664","PA794154","PA794778","PA606545","PA795076","PA722142","PA610002","PA796018","PA736201","PA841713","PA793948","PA2940"]},"suffixe":{},"libelle":" Mme\u0026#160;Sebaihi,  M.\u0026#160;Gustave, M.\u0026#160;Amirshahi, Mme\u0026#160;Arrighi, Mme\u0026#160;Autain, Mme\u0026#160;Balage\u0026#160;El\u0026#160;Mariky, Mme\u0026#160;Belluco, M.\u0026#160;Ben\u0026#160;Cheikh, M.\u0026#160;Biteau, M.\u0026#160;Arnaud\u0026#160;Bonnet, M.\u0026#160;Nicolas\u0026#160;Bonnet, Mme\u0026#160;Chatelain, M.\u0026#160;Corbi\u0026#232;re, M.\u0026#160;Davi, M.\u0026#160;Duplessy, M.\u0026#160;Fournier, Mme\u0026#160;Garin, M.\u0026#160;Damien\u0026#160;Girard, Mme\u0026#160;Catherine\u0026#160;Hervieu, M.\u0026#160;Iordanoff, Mme\u0026#160;Laernoes, M.\u0026#160;Lahais, M.\u0026#160;Lucas-Lundy, Mme\u0026#160;Ozenne, M.\u0026#160;Peytavie, Mme\u0026#160;Pochon, M.\u0026#160;Raux, Mme\u0026#160;Regol, M.\u0026#160;Roum\u0026#233;gas, Mme\u0026#160;Sandrine\u0026#160;Rousseau, M.\u0026#160;Ruffin, Mme\u0026#160;Sas, Mme\u0026#160;Simonnet, Mme\u0026#160;Taill\u0026#233;-Polian, M.\u0026#160;Tavernier, M.\u0026#160;Thierry et Mme\u0026#160;Voynet"},"pointeurFragmentTexte":{"partieAmendableRef":{},"division":{"titre":"visant \u00e0 reporter le renouvellement g\u00e9n\u00e9ral des membres du congr\u00e8s et des assembl\u00e9es de province de la NouvelleCal\u00e9donie afin de permettre la poursuite de la discussion sur l\u2019accord du 12 juillet 2025 et sa mise en \u0153uvre","articleDesignationCourte":"TITRE","articleDesignation":"TITRE","type":"TITRE","avant_A_Apres":"A","divisionRattachee":{},"articleAdditionnel":"false","chapitreAdditionnel":"false","urlDivisionTexteVise":"\/17\/textes\/1980.asp#D_visant_a_reporter_le_renouvellement_ge"},"amendementStandard":{"alinea":{}}},"corps":{"cartoucheInformatif":"Sous r\u00e9serve de son traitement par les services de l\u0027Assembl\u00e9e nationale et de sa recevabilit\u00e9","contenuAuteur":{"dispositif":"\u003Cp\u003ERemplacer \u0022afin de permettre lapoursuite de la discussion sur l\u0026#x2019;accord du 12\u0026nbsp;juillet\u0026nbsp;2025 et sa mise en \u0026#x0153;uvre\u0022 par \u0022en vue d\u0027un nouvel accord consensuel concernant l\u0027avenir institutionnel de la Kanaky Nouvelle Cal\u0026#x00E9;donie avec l\u0027ensemble de ses parties prenantes\u0022\u003C\/p\u003E","avantAppel":{},"exposeSommaire":"\u003Cp\u003ELe pr\u0026#x00E9;sent amendement vise \u0026#x00E0; modifier le titre de la proposition de loi organique afin d\u0026#x2019;affirmer une orientation plus apais\u0026#x00E9;e.\u003C\/p\u003E\u003Cp\u003EEn rempla\u0026#x00E7;ant la r\u0026#x00E9;f\u0026#x00E9;rence \u0026#x00E0; la \u0026#x00AB; mise en \u0026#x0153;uvre de l\u0026#x2019;accord du 12 juillet 2025 \u0026#x00BB; par la formulation \u0026#x00AB; en vue d\u0026#x2019;un nouvel accord consensuel concernant l\u0026#x2019;avenir institutionnel de la Kanaky Nouvelle-Cal\u0026#x00E9;donie avec l\u0026#x2019;ensemble de ses parties prenantes \u0026#x00BB;, il s\u0026#x2019;agit de rappeler que la paix et la stabilit\u0026#x00E9; ne peuvent se construire que sur le dialogue, la reconnaissance mutuelle et le consentement partag\u0026#x00E9;.\u003C\/p\u003E\u003Cp\u003ECette r\u0026#x00E9;daction souligne la n\u0026#x00E9;cessit\u0026#x00E9; de reprendre le chemin d\u0026#x2019;un accord v\u0026#x00E9;ritablement commun, associant toutes les forces politiques, sociales et coutumi\u0026#x00E8;res, dans l\u0026#x2019;esprit de l\u0026#x2019;Accord de Noum\u0026#x00E9;a et du respect du droit \u0026#x00E0; l\u0026#x2019;autod\u0026#x00E9;termination du peuple kanak. Elle r\u0026#x00E9;affirme que l\u0026#x2019;avenir de la Kanaky Nouvelle-Cal\u0026#x00E9;donie ne saurait \u0026#x00EA;tre impos\u0026#x00E9;, mais doit \u0026#x00EA;tre co-construit dans la confiance, la justice et la parole donn\u0026#x00E9;e.\u003C\/p\u003E","annexeExposeSommaire":{}}},"cycleDeVie":{"dateDepot":"2025-10-21","datePublication":"2025-10-21","soumisArticle40":"false","etatDesTraitements":{"etat":{"code":"ET","libelle":"En traitement"},"sousEtat":{}},"dateSort":{},"sort":{}},"representations":{"representation":{"nom":"PDF","typeMime":{"type":"application","subType":"PDF"},"statutRepresentation":{"verbatim":"true","canonique":"true","officielle":"true","transcription":"false","enregistrement":"false"},"repSource":{},"offset":{},"contenu":{"documentURI":"\/base\/AMANR5L17PO838901BTC1980P0D1N001693?format=pdf"},"dateDispoRepresentation":{}}},"seanceDiscussionRef":{},"article99":"false","loiReference":{},"discussionCommune":{},"discussionIdentique":{},"accordGouvernementDepotHorsDelai":"Sans objet"}

Député

visant à reporter le renouvellement général des membres du congrès et des assemblées de province de la NouvelleCalédonie afin de permettre la poursuite de la discussion sur l’accord du 12 juillet 2025 et sa mise en œuvre

Sous réserve de son traitement par les services de l'Assemblée nationale et de sa recevabilité
