{"uid":"PIONANR5L17B2219","legislature":"17","cycleDeVie":{"chrono":{"dateCreation":"2025-12-09T00:00:00.000+01:00","dateDepot":"2025-12-09T00:00:00.000+01:00","datePublication":{},"datePublicationWeb":"2025-12-09T00:00:00.000+01:00"}},"denominationStructurelle":"Proposition de loi","provenance":"Texte D\u00e9pos\u00e9","titres":{"titrePrincipal":"proposition de loi visant \u00e0 supprimer les trois mois de cong\u00e9s \u00e0 l\u2019\u00e9tranger pour les b\u00e9n\u00e9ficiaires du revenu de solidarit\u00e9 active","titrePrincipalCourt":"Supprimer les trois mois de cong\u00e9s \u00e0 l\u2019\u00e9tranger pour les b\u00e9n\u00e9ficiaires du RSA"},"representations":{"representation":[{"nom":"word","typeMime":{"type":"application","subType":"vnd.openxmlformats-officedocument.wordprocessingml.document"},"statutRepresentation":{"canonique":"true","officielle":"true"},"repSource":"fichier","offset":{},"contenu":{"documentURI":"https:\/\/docparl.assemblee-nationale.fr\/base\/PIONANR5L17B2219?format=application\/vnd.openxmlformats-officedocument.wordprocessingml.document"},"dateDispoRepresentation":"2025-12-09T00:00:00.000+01:00"},{"nom":"pdf","typeMime":{"type":"application","subType":"pdf"},"statutRepresentation":{"canonique":"true","officielle":"true"},"repSource":"fichier","offset":{},"contenu":{"documentURI":"https:\/\/docparl.assemblee-nationale.fr\/base\/PIONANR5L17B2219?format=application\/pdf"},"dateDispoRepresentation":"2025-12-09T00:00:00.000+01:00"}]},"divisions":{},"dossierRef":"DLR5L17N53332","redacteur":{},"classification":{"famille":{"depot":{"code":"INITDEP","libelle":"Initiative en 1er D\u00e9p\u00f4t"},"classe":{"code":"PIONLOI","libelle":"Proposition de loi"}},"type":{"code":"PION","libelle":"Proposition de loi"},"sousType":{},"statutAdoption":{}},"auteurs":{"auteur":{"acteur":{"acteurRef":"PA794118","qualite":"auteur"}}},"organesReferents":{"organeRef":"PO420120"},"correction":{},"notice":{"numNotice":"2219","formule":"visant \u00e0 supprimer les trois mois de cong\u00e9s \u00e0 l\u2019\u00e9tranger pour les b\u00e9n\u00e9ficiaires du revenu de solidarit\u00e9 active","adoptionConforme":"false"},"indexation":{},"imprimerie":{"ISSN":{},"ISBN":{},"DIAN":{},"nbPage":{},"prix":{}},"coSignataires":{"coSignataire":[{"acteur":{"acteurRef":"PA718884"},"dateCosignature":"2025-12-09+01:00","dateRetraitCosignature":{},"edite":"false"},{"acteur":{"acteurRef":"PA408578"},"dateCosignature":"2025-12-09+01:00","dateRetraitCosignature":{},"edite":"false"},{"acteur":{"acteurRef":"PA721410"},"dateCosignature":"2025-12-09+01:00","dateRetraitCosignature":{},"edite":"false"},{"acteur":{"acteurRef":"PA793508"},"dateCosignature":"2025-12-09+01:00","dateRetraitCosignature":{},"edite":"false"},{"acteur":{"acteurRef":"PA722390"},"dateCosignature":"2025-12-09+01:00","dateRetraitCosignature":{},"edite":"false"},{"acteur":{"acteurRef":"PA720386"},"dateCosignature":"2025-12-09+01:00","dateRetraitCosignature":{},"edite":"false"},{"acteur":{"acteurRef":"PA608826"},"dateCosignature":"2025-12-09+01:00","dateRetraitCosignature":{},"edite":"false"},{"acteur":{"acteurRef":"PA1630"},"dateCosignature":"2025-12-09+01:00","dateRetraitCosignature":{},"edite":"false"},{"acteur":{"acteurRef":"PA608416"},"dateCosignature":"2025-12-09+01:00","dateRetraitCosignature":{},"edite":"false"},{"acteur":{"acteurRef":"PA346782"},"dateCosignature":"2025-12-09+01:00","dateRetraitCosignature":{},"edite":"false"},{"acteur":{"acteurRef":"PA840979"},"dateCosignature":"2025-12-09+01:00","dateRetraitCosignature":{},"edite":"false"},{"acteur":{"acteurRef":"PA642725"},"dateCosignature":"2025-12-09+01:00","dateRetraitCosignature":{},"edite":"false"},{"acteur":{"acteurRef":"PA608016"},"dateCosignature":"2025-12-09+01:00","dateRetraitCosignature":{},"edite":"false"},{"acteur":{"acteurRef":"PA842141"},"dateCosignature":"2025-12-09+01:00","dateRetraitCosignature":{},"edite":"false"},{"acteur":{"acteurRef":"PA793342"},"dateCosignature":"2025-12-09+01:00","dateRetraitCosignature":{},"edite":"false"},{"acteur":{"acteurRef":"PA718784"},"dateCosignature":"2025-12-09+01:00","dateRetraitCosignature":{},"edite":"false"},{"acteur":{"acteurRef":"PA794994"},"dateCosignature":"2025-12-09+01:00","dateRetraitCosignature":{},"edite":"false"},{"acteur":{"acteurRef":"PA793094"},"dateCosignature":"2025-12-09+01:00","dateRetraitCosignature":{},"edite":"false"},{"acteur":{"acteurRef":"PA842121"},"dateCosignature":"2025-12-09+01:00","dateRetraitCosignature":{},"edite":"false"}]},"depotAmendements":{"amendementsSeance":{"amendable":"false","dateLimiteDepot":{}},"amendementsCommission":{"commission":{"organeRef":"PO420120","amendable":"true","dateLimiteDepot":{}}}}}

Texte Déposé

proposition de loi visant à supprimer les trois mois de congés à l’étranger pour les bénéficiaires du revenu de solidarité active

Supprimer les trois mois de congés à l’étranger pour les bénéficiaires du RSA

Initiative en 1er Dépôt

visant à supprimer les trois mois de congés à l’étranger pour les bénéficiaires du revenu de solidarité active
