{"uid":"PNREANR5L17B3113","legislature":"17","cycleDeVie":{"chrono":{"dateCreation":"2026-08-28T00:00:00.000+02:00","dateDepot":"2026-08-28T00:00:00.000+02:00","datePublication":{},"datePublicationWeb":"2026-08-28T00:00:00.000+02:00"}},"denominationStructurelle":"Proposition de r\u00e9solution","provenance":"Texte D\u00e9pos\u00e9","titres":{"titrePrincipal":"proposition de r\u00e9solution visant \u00e0 inciter le Gouvernement \u00e0 renforcer la pr\u00e9vention, l\u0027information et l\u0027indemnisation  des victimes du retrait-gonflement des argiles","titrePrincipalCourt":"Renforcer la pr\u00e9vention, l\u0027information et l\u0027indemnisation des victimes du retrait-gonflement des argiles"},"representations":{"representation":[{"nom":"word","typeMime":{"type":"application","subType":"vnd.openxmlformats-officedocument.wordprocessingml.document"},"statutRepresentation":{"canonique":"true","officielle":"true"},"repSource":"fichier","offset":{},"contenu":{"documentURI":"https:\/\/docparl.assemblee-nationale.fr\/base\/PNREANR5L17B3113?format=application\/vnd.openxmlformats-officedocument.wordprocessingml.document"},"dateDispoRepresentation":"2026-09-01T00:00:00.000+02:00"},{"nom":"pdf","typeMime":{"type":"application","subType":"pdf"},"statutRepresentation":{"canonique":"true","officielle":"true"},"repSource":"fichier","offset":{},"contenu":{"documentURI":"https:\/\/docparl.assemblee-nationale.fr\/base\/PNREANR5L17B3113?format=application\/pdf"},"dateDispoRepresentation":"2026-09-01T00:00:00.000+02:00"}]},"divisions":{},"dossierRef":"DLR5L17N54824","redacteur":{},"classification":{"famille":{"depot":{"code":"INITDEP","libelle":"Initiative en 1er D\u00e9p\u00f4t"},"classe":{"code":"PIONRES","libelle":"Proposition de r\u00e9solution"},"espece":{"code":"APPART341","libelle":"en application de Article 34-1 de la Constitution"}},"type":{"code":"PNRE","libelle":"Proposition de r\u00e9solution"},"sousType":{"code":"APPART341","libelle":"en application de Article 34-1 de la Constitution"},"statutAdoption":{}},"auteurs":{"auteur":{"acteur":{"acteurRef":"PA841769","qualite":"auteur"}}},"organesReferents":{},"correction":{},"notice":{"numNotice":"3113","formule":"visant \u00e0 inciter le Gouvernement \u00e0 renforcer la pr\u00e9vention, l\u0027information et l\u0027indemnisation  des victimes du retrait-gonflement des argiles","adoptionConforme":"false"},"indexation":{},"imprimerie":{"ISSN":{},"ISBN":{},"DIAN":{},"nbPage":{},"prix":{}},"coSignataires":{"coSignataire":[{"acteur":{"acteurRef":"PA841067"},"dateCosignature":"2026-09-01+02:00","dateRetraitCosignature":{},"edite":"false"},{"acteur":{"acteurRef":"PA841207"},"dateCosignature":"2026-09-01+02:00","dateRetraitCosignature":{},"edite":"false"},{"acteur":{"acteurRef":"PA840701"},"dateCosignature":"2026-09-01+02:00","dateRetraitCosignature":{},"edite":"false"},{"acteur":{"acteurRef":"PA840721"},"dateCosignature":"2026-09-01+02:00","dateRetraitCosignature":{},"edite":"false"},{"acteur":{"acteurRef":"PA840773"},"dateCosignature":"2026-09-01+02:00","dateRetraitCosignature":{},"edite":"false"},{"acteur":{"acteurRef":"PA840983"},"dateCosignature":"2026-09-01+02:00","dateRetraitCosignature":{},"edite":"false"},{"acteur":{"acteurRef":"PA841395"},"dateCosignature":"2026-09-01+02:00","dateRetraitCosignature":{},"edite":"false"},{"acteur":{"acteurRef":"PA796118"},"dateCosignature":"2026-09-01+02:00","dateRetraitCosignature":{},"edite":"false"},{"acteur":{"acteurRef":"PA720468"},"dateCosignature":"2026-09-01+02:00","dateRetraitCosignature":{},"edite":"false"},{"acteur":{"acteurRef":"PA841761"},"dateCosignature":"2026-09-01+02:00","dateRetraitCosignature":{},"edite":"false"},{"acteur":{"acteurRef":"PA840801"},"dateCosignature":"2026-09-01+02:00","dateRetraitCosignature":{},"edite":"false"},{"acteur":{"acteurRef":"PA842085"},"dateCosignature":"2026-09-01+02:00","dateRetraitCosignature":{},"edite":"false"},{"acteur":{"acteurRef":"PA794770"},"dateCosignature":"2026-09-01+02:00","dateRetraitCosignature":{},"edite":"false"},{"acteur":{"acteurRef":"PA794322"},"dateCosignature":"2026-09-01+02:00","dateRetraitCosignature":{},"edite":"false"},{"acteur":{"acteurRef":"PA841981"},"dateCosignature":"2026-09-01+02:00","dateRetraitCosignature":{},"edite":"false"},{"acteur":{"acteurRef":"PA842097"},"dateCosignature":"2026-09-01+02:00","dateRetraitCosignature":{},"edite":"false"},{"acteur":{"acteurRef":"PA793298"},"dateCosignature":"2026-09-01+02:00","dateRetraitCosignature":{},"edite":"false"},{"acteur":{"acteurRef":"PA793322"},"dateCosignature":"2026-09-01+02:00","dateRetraitCosignature":{},"edite":"false"},{"acteur":{"acteurRef":"PA795974"},"dateCosignature":"2026-09-01+02:00","dateRetraitCosignature":{},"edite":"false"}]},"depotAmendements":{"amendementsSeance":{"amendable":"false","dateLimiteDepot":{}}}}

Proposition de résolution

Texte Déposé

proposition de résolution visant à inciter le Gouvernement à renforcer la prévention, l'information et l'indemnisation  des victimes du retrait-gonflement des argiles

Renforcer la prévention, l'information et l'indemnisation des victimes du retrait-gonflement des argiles

Initiative en 1er Dépôt

visant à inciter le Gouvernement à renforcer la prévention, l'information et l'indemnisation  des victimes du retrait-gonflement des argiles
